CRAN Package Check Results for Package tidybayes

Last updated on 2022-01-26 22:55:07 CET.

Flavor Version Tinstall Tcheck Ttotal Status Flags
r-devel-linux-x86_64-debian-clang 3.0.2 10.42 324.94 335.36 OK
r-devel-linux-x86_64-debian-gcc 3.0.2 7.92 246.11 254.03 OK
r-devel-linux-x86_64-fedora-clang 3.0.2 OK
r-devel-linux-x86_64-fedora-gcc 3.0.2 376.59 OK
r-devel-windows-x86_64-new-UL 3.0.2 251.00 394.00 645.00 OK
r-devel-windows-x86_64-new-TK 3.0.2 NOTE
r-patched-linux-x86_64 3.0.2 15.21 294.69 309.90 OK
r-release-linux-x86_64 3.0.2 9.75 297.15 306.90 OK
r-release-macos-arm64 3.0.2 OK
r-release-macos-x86_64 3.0.2 OK
r-release-windows-ix86+x86_64 3.0.2 21.00 357.00 378.00 OK
r-oldrel-macos-x86_64 3.0.2 OK
r-oldrel-windows-ix86+x86_64 3.0.2 21.00 375.00 396.00 OK

Check Details

Version: 3.0.2
Check: package dependencies
Result: NOTE
    Package suggested but not available for checking: 'rstanarm'
Flavor: r-devel-windows-x86_64-new-TK

Version: 3.0.2
Check: Rd cross-references
Result: NOTE
    Package unavailable to check Rd xrefs: 'rstanarm'
Flavor: r-devel-windows-x86_64-new-TK