CRAN Package Check Results for Package tidyestimate

Last updated on 2022-05-24 22:50:20 CEST.

Flavor Version Tinstall Tcheck Ttotal Status Flags
r-devel-linux-x86_64-debian-clang 1.1.0 5.83 73.26 79.09 OK
r-devel-linux-x86_64-debian-gcc 1.1.0 5.29 54.51 59.80 OK
r-devel-linux-x86_64-fedora-clang 1.1.0 94.89 NOTE
r-devel-linux-x86_64-fedora-gcc 1.1.0 80.23 NOTE
r-devel-windows-x86_64 1.1.0 24.00 99.00 123.00 OK
r-patched-linux-x86_64 1.1.0 5.32 68.96 74.28 OK
r-release-linux-x86_64 1.1.0 OK
r-release-macos-arm64 1.1.0 27.00 NOTE
r-release-macos-x86_64 1.1.0 52.00 NOTE
r-release-windows-x86_64 1.1.0 24.00 102.00 126.00 OK
r-oldrel-macos-arm64 1.1.0 28.00 NOTE
r-oldrel-macos-x86_64 1.1.0 38.00 NOTE
r-oldrel-windows-ix86+x86_64 1.1.0 17.00 83.00 100.00 OK

Check Details

Version: 1.1.0
Check: dependencies in R code
Result: NOTE
    Namespaces in Imports field not imported from:
     ‘grDevices’ ‘graphics’ ‘utils’
     All declared Imports should be used.
Flavors: r-devel-linux-x86_64-fedora-clang, r-devel-linux-x86_64-fedora-gcc, r-release-macos-arm64, r-release-macos-x86_64, r-oldrel-macos-arm64, r-oldrel-macos-x86_64

Version: 1.1.0
Check: data for non-ASCII characters
Result: NOTE
     Note: found 6 marked UTF-8 strings
Flavors: r-devel-linux-x86_64-fedora-clang, r-devel-linux-x86_64-fedora-gcc, r-release-macos-arm64, r-release-macos-x86_64, r-oldrel-macos-arm64, r-oldrel-macos-x86_64