CRAN Package Check Results for Package tidyfast

Last updated on 2022-05-20 22:53:24 CEST.

Flavor Version Tinstall Tcheck Ttotal Status Flags
r-devel-linux-x86_64-debian-clang 0.2.1 18.40 61.97 80.37 NOTE
r-devel-linux-x86_64-debian-gcc 0.2.1 13.34 44.74 58.08 NOTE
r-devel-linux-x86_64-fedora-clang 0.2.1 101.87 NOTE
r-devel-linux-x86_64-fedora-gcc 0.2.1 90.40 NOTE
r-devel-windows-x86_64 0.2.1 44.00 89.00 133.00 NOTE
r-patched-linux-x86_64 0.2.1 15.32 55.75 71.07 NOTE
r-release-linux-x86_64 0.2.1 15.84 56.01 71.85 NOTE
r-release-macos-arm64 0.2.1 27.00 NOTE
r-release-macos-x86_64 0.2.1 38.00 NOTE
r-release-windows-x86_64 0.2.1 42.00 93.00 135.00 NOTE
r-oldrel-macos-arm64 0.2.1 37.00 NOTE
r-oldrel-macos-x86_64 0.2.1 46.00 NOTE
r-oldrel-windows-ix86+x86_64 0.2.1 46.00 108.00 154.00 NOTE

Check Details

Version: 0.2.1
Check: LazyData
Result: NOTE
     'LazyData' is specified without a 'data' directory
Flavors: r-devel-linux-x86_64-debian-clang, r-devel-linux-x86_64-debian-gcc, r-devel-linux-x86_64-fedora-clang, r-devel-linux-x86_64-fedora-gcc, r-devel-windows-x86_64, r-patched-linux-x86_64, r-release-linux-x86_64, r-release-macos-arm64, r-release-macos-x86_64, r-release-windows-x86_64, r-oldrel-macos-arm64, r-oldrel-macos-x86_64, r-oldrel-windows-ix86+x86_64