CRAN Package Check Results for Package tidygenomics

Last updated on 2022-01-25 22:57:12 CET.

Flavor Version Tinstall Tcheck Ttotal Status Flags
r-devel-linux-x86_64-debian-clang 0.1.2 19.97 81.14 101.11 NOTE
r-devel-linux-x86_64-debian-gcc 0.1.2 16.66 59.41 76.07 NOTE
r-devel-linux-x86_64-fedora-clang 0.1.2 125.16 NOTE
r-devel-linux-x86_64-fedora-gcc 0.1.2 110.29 NOTE
r-devel-windows-x86_64-new-UL 0.1.2 85.00 122.00 207.00 NOTE
r-devel-windows-x86_64-new-TK 0.1.2 NOTE
r-patched-linux-x86_64 0.1.2 20.37 71.33 91.70 NOTE
r-release-linux-x86_64 0.1.2 16.34 72.01 88.35 NOTE
r-release-macos-arm64 0.1.2 NOTE
r-release-macos-x86_64 0.1.2 NOTE
r-release-windows-ix86+x86_64 0.1.2 52.00 128.00 180.00 NOTE
r-oldrel-macos-x86_64 0.1.2 OK
r-oldrel-windows-ix86+x86_64 0.1.2 52.00 132.00 184.00 OK

Check Details

Version: 0.1.2
Check: LazyData
Result: NOTE
     'LazyData' is specified without a 'data' directory
Flavors: r-devel-linux-x86_64-debian-clang, r-devel-linux-x86_64-debian-gcc, r-devel-linux-x86_64-fedora-clang, r-devel-linux-x86_64-fedora-gcc, r-devel-windows-x86_64-new-UL, r-devel-windows-x86_64-new-TK, r-patched-linux-x86_64, r-release-linux-x86_64, r-release-macos-arm64, r-release-macos-x86_64, r-release-windows-ix86+x86_64