Last updated on 2022-05-23 22:58:28 CEST.
Flavor | Version | Tinstall | Tcheck | Ttotal | Status | Flags |
---|---|---|---|---|---|---|
r-devel-linux-x86_64-debian-clang | 4.1.1 | 2.76 | 41.04 | 43.80 | OK | |
r-devel-linux-x86_64-debian-gcc | 4.1.1 | 2.24 | 32.55 | 34.79 | OK | |
r-devel-linux-x86_64-fedora-clang | 4.1.1 | 54.25 | NOTE | |||
r-devel-linux-x86_64-fedora-gcc | 4.1.1 | 42.70 | NOTE | |||
r-devel-windows-x86_64 | 4.1.1 | 17.00 | 58.00 | 75.00 | OK | |
r-patched-linux-x86_64 | 4.1.1 | 3.06 | 39.92 | 42.98 | OK | |
r-release-linux-x86_64 | 4.1.1 | OK | ||||
r-release-macos-arm64 | 4.1.1 | 19.00 | NOTE | |||
r-release-macos-x86_64 | 4.1.1 | 33.00 | NOTE | |||
r-release-windows-x86_64 | 4.1.1 | 15.00 | 59.00 | 74.00 | OK | |
r-oldrel-macos-arm64 | 4.1.1 | 23.00 | NOTE | |||
r-oldrel-macos-x86_64 | 4.1.1 | 29.00 | NOTE | |||
r-oldrel-windows-ix86+x86_64 | 4.1.1 | 10.00 | 55.00 | 65.00 | OK |
Version: 4.1.1
Check: dependencies in R code
Result: NOTE
Namespaces in Imports field not imported from:
‘decorators’ ‘microservices’ ‘usethat’
All declared Imports should be used.
Flavors: r-devel-linux-x86_64-fedora-clang, r-devel-linux-x86_64-fedora-gcc, r-release-macos-arm64, r-release-macos-x86_64, r-oldrel-macos-arm64, r-oldrel-macos-x86_64