Last updated on 2023-06-02 23:03:35 CEST.
Flavor | Version | Tinstall | Tcheck | Ttotal | Status | Flags |
---|---|---|---|---|---|---|
r-devel-linux-x86_64-debian-clang | 0.1.5 | 6.70 | 96.19 | 102.89 | NOTE | |
r-devel-linux-x86_64-debian-gcc | 0.1.5 | 5.79 | 74.61 | 80.40 | NOTE | |
r-devel-linux-x86_64-fedora-clang | 0.1.5 | 128.19 | NOTE | |||
r-devel-linux-x86_64-fedora-gcc | 0.1.5 | 136.47 | NOTE | |||
r-devel-windows-x86_64 | 0.1.5 | 9.00 | 99.00 | 108.00 | NOTE | |
r-patched-linux-x86_64 | 0.1.5 | NOTE | ||||
r-release-linux-x86_64 | 0.1.5 | 6.86 | 93.60 | 100.46 | NOTE | |
r-release-macos-arm64 | 0.1.5 | 48.00 | NOTE | |||
r-release-macos-x86_64 | 0.1.5 | 79.00 | NOTE | |||
r-release-windows-x86_64 | 0.1.5 | 8.00 | 111.00 | 119.00 | NOTE | |
r-oldrel-macos-arm64 | 0.1.5 | 35.00 | NOTE | |||
r-oldrel-macos-x86_64 | 0.1.5 | 52.00 | NOTE | |||
r-oldrel-windows-x86_64 | 0.1.5 | 9.00 | 109.00 | 118.00 | NOTE |
Version: 0.1.5
Check: LazyData
Result: NOTE
'LazyData' is specified without a 'data' directory
Flavors: r-devel-linux-x86_64-debian-clang, r-devel-linux-x86_64-debian-gcc, r-devel-linux-x86_64-fedora-clang, r-devel-linux-x86_64-fedora-gcc, r-devel-windows-x86_64, r-patched-linux-x86_64, r-release-linux-x86_64, r-release-macos-arm64, r-release-macos-x86_64, r-release-windows-x86_64, r-oldrel-macos-arm64, r-oldrel-macos-x86_64, r-oldrel-windows-x86_64