CRAN Package Check Results for Package tidystats

Last updated on 2023-01-28 22:55:29 CET.

Flavor Version Tinstall Tcheck Ttotal Status Flags
r-devel-linux-x86_64-debian-clang 0.5.1 7.20 91.21 98.41 OK
r-devel-linux-x86_64-debian-gcc 0.5.1 5.39 65.98 71.37 OK
r-devel-linux-x86_64-fedora-clang 0.5.1 115.75 NOTE
r-devel-linux-x86_64-fedora-gcc 0.5.1 120.22 NOTE
r-patched-linux-x86_64 0.5.1 6.50 86.39 92.89 OK
r-release-linux-x86_64 0.5.1 4.62 80.11 84.73 OK
r-release-macos-arm64 0.5.1 36.00 NOTE
r-release-macos-x86_64 0.5.1 60.00 NOTE
r-release-windows-x86_64 0.5.1 45.00 120.00 165.00 OK
r-oldrel-macos-arm64 0.5.1 32.00 NOTE
r-oldrel-macos-x86_64 0.5.1 52.00 NOTE
r-oldrel-windows-ix86+x86_64 0.5.1 16.00 112.00 128.00 OK

Check Details

Version: 0.5.1
Check: data for non-ASCII characters
Result: NOTE
     Note: found 113 marked UTF-8 strings
Flavors: r-devel-linux-x86_64-fedora-clang, r-devel-linux-x86_64-fedora-gcc, r-release-macos-arm64, r-release-macos-x86_64, r-oldrel-macos-arm64, r-oldrel-macos-x86_64