Last updated on 2023-12-07 21:56:04 CET.
Flavor | Version | Tinstall | Tcheck | Ttotal | Status | Flags |
---|---|---|---|---|---|---|
r-devel-linux-x86_64-debian-clang | 0.1-12 | 6.08 | 22.15 | 28.23 | OK | |
r-devel-linux-x86_64-debian-gcc | 0.1-12 | 4.09 | 16.97 | 21.06 | OK | |
r-devel-linux-x86_64-fedora-clang | 0.1-12 | 35.07 | OK | |||
r-devel-linux-x86_64-fedora-gcc | 0.1-12 | 35.50 | OK | |||
r-devel-windows-x86_64 | 0.1-12 | 8.00 | 49.00 | 57.00 | OK | |
r-patched-linux-x86_64 | 0.1-12 | 5.87 | 21.64 | 27.51 | OK | |
r-release-linux-x86_64 | 0.1-12 | 5.46 | 21.39 | 26.85 | OK | |
r-release-macos-arm64 | 0.1-12 | 25.00 | NOTE | |||
r-release-macos-x86_64 | 0.1-12 | 48.00 | NOTE | |||
r-release-windows-x86_64 | 0.1-12 | 10.00 | 52.00 | 62.00 | OK | |
r-oldrel-macos-arm64 | 0.1-12 | 31.00 | NOTE | |||
r-oldrel-macos-x86_64 | 0.1-11 | 29.00 | NOTE | |||
r-oldrel-windows-x86_64 | 0.1-12 | 8.00 | 48.00 | 56.00 | OK |
Version: 0.1-12
Check: installed package size
Result: NOTE
installed size is 5.4Mb
sub-directories of 1Mb or more:
libs 5.3Mb
Flavors: r-release-macos-arm64, r-release-macos-x86_64, r-oldrel-macos-arm64
Version: 0.1-11
Check: installed package size
Result: NOTE
installed size is 6.7Mb
sub-directories of 1Mb or more:
libs 6.6Mb
Flavor: r-oldrel-macos-x86_64