CRAN Package Check Results for Package tiledb

Last updated on 2022-07-04 22:59:25 CEST.

Flavor Version Tinstall Tcheck Ttotal Status Flags
r-devel-linux-x86_64-debian-clang 0.14.0 158.26 163.24 321.50 OK
r-devel-linux-x86_64-debian-gcc 0.14.0 139.35 132.77 272.12 OK
r-devel-linux-x86_64-fedora-clang 0.14.0 466.07 NOTE
r-devel-linux-x86_64-fedora-gcc 0.14.0 454.87 OK
r-devel-windows-x86_64 0.14.0 359.00 345.00 704.00 NOTE
r-patched-linux-x86_64 0.14.0 150.75 169.05 319.80 OK
r-release-linux-x86_64 0.14.0 150.98 163.30 314.28 OK
r-release-macos-arm64 0.14.0 136.00 NOTE
r-release-macos-x86_64 0.14.0 212.00 NOTE
r-release-windows-x86_64 0.14.0 519.00 332.00 851.00 NOTE
r-oldrel-macos-arm64 0.14.0 119.00 NOTE
r-oldrel-macos-x86_64 0.14.0 209.00 NOTE
r-oldrel-windows-ix86+x86_64 0.14.0 373.00 234.00 607.00 ERROR

Additional issues

valgrind

Check Details

Version: 0.14.0
Check: installed package size
Result: NOTE
     installed size is 58.5Mb
     sub-directories of 1Mb or more:
     libs 8.7Mb
     tiledb 47.7Mb
Flavors: r-devel-linux-x86_64-fedora-clang, r-devel-windows-x86_64, r-release-macos-arm64, r-release-macos-x86_64, r-release-windows-x86_64, r-oldrel-macos-arm64, r-oldrel-macos-x86_64, r-oldrel-windows-ix86+x86_64

Version: 0.14.0
Check: running tests for arch ‘i386’
Result: ERROR
     Running 'tinytest.R' [2s]
    Running the tests in 'tests/tinytest.R' failed.
    Complete output:
     >
     > if (requireNamespace("tinytest", quietly=TRUE)) {
     +
     + ## Set a seed to make the test deterministic
     + set.seed(42)
     +
     + ## R makes us to this
     + Sys.setenv("R_TESTS"="")
     +
     + ## there are several more granular ways to test files in a tinytest directory,
     + ## see its package vignette; tests can also run once the package is installed
     + ## using the same command `test_package(pkgName)`, or by director or file
     + tinytest::test_package("tiledb")
     + }
    
     test_arrayschema.R............ 0 tests
     test_arrayschema.R............ 0 tests
     test_arrayschema.R............ 0 tests
     test_arrayschema.R............ 0 tests
     test_arrayschema.R............ 0 tests
     test_arrayschema.R............ 0 tests
     test_arrayschema.R............ 0 tests
     test_arrayschema.R............ 0 tests
     test_arrayschema.R............ 0 tests
     test_arrayschema.R............ 1 tests <1b>[0;32mOK<1b>[0m
     test_arrayschema.R............ 1 tests <1b>[0;32mOK<1b>[0m
     test_arrayschema.R............ 1 tests <1b>[0;32mOK<1b>[0m
     test_arrayschema.R............ 1 tests <1b>[0;32mOK<1b>[0m
     test_arrayschema.R............ 1 tests <1b>[0;32mOK<1b>[0m
     test_arrayschema.R............ 1 tests <1b>[0;32mOK<1b>[0m
     test_arrayschema.R............ 2 tests <1b>[0;32mOK<1b>[0m
     test_arrayschema.R............ 2 tests <1b>[0;32mOK<1b>[0m
     test_arrayschema.R............ 3 tests <1b>[0;32mOK<1b>[0m
     test_arrayschema.R............ 4 tests <1b>[0;32mOK<1b>[0m
     test_arrayschema.R............ 5 tests <1b>[0;32mOK<1b>[0m
     test_arrayschema.R............ 5 tests <1b>[0;32mOK<1b>[0m
     test_arrayschema.R............ 6 tests <1b>[0;32mOK<1b>[0m
     test_arrayschema.R............ 7 tests <1b>[0;32mOK<1b>[0m
     test_arrayschema.R............ 8 tests <1b>[0;32mOK<1b>[0m
     test_arrayschema.R............ 9 tests <1b>[0;32mOK<1b>[0m
     test_arrayschema.R............ 10 tests <1b>[0;32mOK<1b>[0m
     test_arrayschema.R............ 10 tests <1b>[0;32mOK<1b>[0m
     test_arrayschema.R............ 10 tests <1b>[0;32mOK<1b>[0m
     test_arrayschema.R............ 10 tests <1b>[0;32mOK<1b>[0m
     test_arrayschema.R............ 10 tests <1b>[0;32mOK<1b>[0m
     test_arrayschema.R............ 10 tests <1b>[0;32mOK<1b>[0m
     test_arrayschema.R............ 10 tests <1b>[0;32mOK<1b>[0m
     test_arrayschema.R............ 10 tests <1b>[0;32mOK<1b>[0m
     test_arrayschema.R............ 11 tests <1b>[0;32mOK<1b>[0m
     test_arrayschema.R............ 11 tests <1b>[0;32mOK<1b>[0m
     test_arrayschema.R............ 12 tests <1b>[0;32mOK<1b>[0m
     test_arrayschema.R............ 13 tests <1b>[0;32mOK<1b>[0m
     test_arrayschema.R............ 14 tests <1b>[0;32mOK<1b>[0m
     test_arrayschema.R............ 15 tests <1b>[0;32mOK<1b>[0m
     test_arrayschema.R............ 15 tests <1b>[0;32mOK<1b>[0m
     test_arrayschema.R............ 16 tests <1b>[0;32mOK<1b>[0m
     test_arrayschema.R............ 17 tests <1b>[0;32mOK<1b>[0m
     test_arrayschema.R............ 18 tests <1b>[0;32mOK<1b>[0m
     test_arrayschema.R............ 19 tests <1b>[0;32mOK<1b>[0m
     test_arrayschema.R............ 20 tests <1b>[0;32mOK<1b>[0m
     test_arrayschema.R............ 21 tests <1b>[0;32mOK<1b>[0m
     test_arrayschema.R............ 21 tests <1b>[0;32mOK<1b>[0m
     test_arrayschema.R............ 22 tests <1b>[0;32mOK<1b>[0m
     test_arrayschema.R............ 23 tests <1b>[0;32mOK<1b>[0m
     test_arrayschema.R............ 24 tests <1b>[0;32mOK<1b>[0m
     test_arrayschema.R............ 25 tests <1b>[0;32mOK<1b>[0m
     test_arrayschema.R............ 26 tests <1b>[0;32mOK<1b>[0m
     test_arrayschema.R............ 26 tests <1b>[0;32mOK<1b>[0m
     test_arrayschema.R............ 27 tests <1b>[0;32mOK<1b>[0m
     test_arrayschema.R............ 28 tests <1b>[0;32mOK<1b>[0m
     test_arrayschema.R............ 28 tests <1b>[0;32mOK<1b>[0m
     test_arrayschema.R............ 28 tests <1b>[0;32mOK<1b>[0m
     test_arrayschema.R............ 28 tests <1b>[0;32mOK<1b>[0m
     test_arrayschema.R............ 29 tests <1b>[0;32mOK<1b>[0m
     test_arrayschema.R............ 29 tests <1b>[0;32mOK<1b>[0m
     test_arrayschema.R............ 30 tests <1b>[0;32mOK<1b>[0m <1b>[0;34m0.2s<1b>[0m
    
     test_arrayschemaevolution.R... 0 tests
     test_arrayschemaevolution.R... 0 tests
     test_arrayschemaevolution.R... 0 tests <1b>[0;36m0ms<1b>[0m [Exited at #7: Skip on Windows]
    
     test_arrowio.R................ 0 tests
     test_arrowio.R................ 0 tests
     test_arrowio.R................ 0 tests
     test_arrowio.R................ 0 tests <1b>[0;36m16ms<1b>[0m [Exited at #7: skip this file on old Windows releases]
    
     test_attr.R................... 0 tests
     test_attr.R................... 0 tests
     test_attr.R................... 0 tests
     test_attr.R................... 0 tests
     test_attr.R................... 0 tests
     test_attr.R................... 1 tests <1b>[0;32mOK<1b>[0m
     test_attr.R................... 1 tests <1b>[0;32mOK<1b>[0m
     test_attr.R................... 2 tests <1b>[0;32mOK<1b>[0m
     test_attr.R................... 3 tests <1b>[0;32mOK<1b>[0m
     test_attr.R................... 4 tests <1b>[0;32mOK<1b>[0m
     test_attr.R................... 5 tests <1b>[0;32mOK<1b>[0m
     test_attr.R................... 5 tests <1b>[0;32mOK<1b>[0m
     test_attr.R................... 6 tests <1b>[0;32mOK<1b>[0m
     test_attr.R................... 6 tests <1b>[0;32mOK<1b>[0m
     test_attr.R................... 7 tests <1b>[0;32mOK<1b>[0m
     test_attr.R................... 7 tests <1b>[0;32mOK<1b>[0m
     test_attr.R................... 7 tests <1b>[0;32mOK<1b>[0m
     test_attr.R................... 8 tests <1b>[0;32mOK<1b>[0m
     test_attr.R................... 9 tests <1b>[0;32mOK<1b>[0m
     test_attr.R................... 10 tests <1b>[0;32mOK<1b>[0m
     test_attr.R................... 11 tests <1b>[0;32mOK<1b>[0m
     test_attr.R................... 11 tests <1b>[0;32mOK<1b>[0m
     test_attr.R................... 12 tests <1b>[0;32mOK<1b>[0m
     test_attr.R................... 13 tests <1b>[0;32mOK<1b>[0m
     test_attr.R................... 13 tests <1b>[0;32mOK<1b>[0m
     test_attr.R................... 14 tests <1b>[0;32mOK<1b>[0m
     test_attr.R................... 14 tests <1b>[0;32mOK<1b>[0m
     test_attr.R................... 15 tests <1b>[0;32mOK<1b>[0m
     test_attr.R................... 15 tests <1b>[0;32mOK<1b>[0m
     test_attr.R................... 16 tests <1b>[0;32mOK<1b>[0m
     test_attr.R................... 16 tests <1b>[0;32mOK<1b>[0m
     test_attr.R................... 16 tests <1b>[0;32mOK<1b>[0m <1b>[0;36m31ms<1b>[0m [Exited at #60: skip remainder of this file on old Windows releases]
    
     test_config.R................. 0 tests
     test_config.R................. 0 tests
     test_config.R................. 0 tests
     test_config.R................. 0 tests
     test_config.R................. 1 tests <1b>[0;32mOK<1b>[0m
     test_config.R................. 1 tests <1b>[0;32mOK<1b>[0m
     test_config.R................. 2 tests <1b>[0;32mOK<1b>[0m
     test_config.R................. 3 tests <1b>[0;32mOK<1b>[0m
     test_config.R................. 4 tests <1b>[0;32mOK<1b>[0m
     test_config.R................. 5 tests <1b>[0;32mOK<1b>[0m
     test_config.R................. 6 tests <1b>[0;32mOK<1b>[0m
     test_config.R................. 6 tests <1b>[0;32mOK<1b>[0m
     test_config.R................. 6 tests <1b>[0;32mOK<1b>[0m
     test_config.R................. 7 tests <1b>[0;32mOK<1b>[0m
     test_config.R................. 7 tests <1b>[0;32mOK<1b>[0m
     test_config.R................. 8 tests <1b>[0;32mOK<1b>[0m
     test_config.R................. 8 tests <1b>[0;32mOK<1b>[0m
     test_config.R................. 9 tests <1b>[0;32mOK<1b>[0m
     test_config.R................. 9 tests <1b>[0;32mOK<1b>[0m
     test_config.R................. 10 tests <1b>[0;32mOK<1b>[0m
     test_config.R................. 10 tests <1b>[0;32mOK<1b>[0m
     test_config.R................. 11 tests <1b>[0;32mOK<1b>[0m
     test_config.R................. 12 tests <1b>[0;32mOK<1b>[0m
     test_config.R................. 12 tests <1b>[0;32mOK<1b>[0m
     test_config.R................. 12 tests <1b>[0;32mOK<1b>[0m
     test_config.R................. 13 tests <1b>[0;32mOK<1b>[0m
     test_config.R................. 13 tests <1b>[0;32mOK<1b>[0m
     test_config.R................. 13 tests <1b>[0;32mOK<1b>[0m
     test_config.R................. 13 tests <1b>[0;32mOK<1b>[0m
     test_config.R................. 13 tests <1b>[0;32mOK<1b>[0m
     test_config.R................. 13 tests <1b>[0;32mOK<1b>[0m
     test_config.R................. 13 tests <1b>[0;32mOK<1b>[0m
     test_config.R................. 13 tests <1b>[0;32mOK<1b>[0m
     test_config.R................. 14 tests <1b>[0;32mOK<1b>[0m
     test_config.R................. 14 tests <1b>[0;32mOK<1b>[0m
     test_config.R................. 15 tests <1b>[0;32mOK<1b>[0m <1b>[0;36m47ms<1b>[0m
    
     test_ctx.R.................... 0 tests
     test_ctx.R.................... 0 tests
     test_ctx.R.................... 0 tests
     test_ctx.R.................... 0 tests <1b>[0;36m0ms<1b>[0m [Exited at #7: skip this file on old Windows releases]
    
     test_dataframe.R.............. 0 tests
     test_dataframe.R.............. 0 tests
     test_dataframe.R.............. 0 tests
     test_dataframe.R.............. 0 tests <1b>[0;36m16ms<1b>[0m [Exited at #7: skip this file on old Windows releases]
    
     test_datetime.R............... 0 tests
     test_datetime.R............... 0 tests
     test_datetime.R............... 0 tests
     test_datetime.R............... 0 tests <1b>[0;36m0ms<1b>[0m [Exited at #7: skip this file on old Windows releases]
    
     test_dim.R.................... 0 tests
     test_dim.R.................... 0 tests
     test_dim.R.................... 0 tests
     test_dim.R.................... 0 tests <1b>[0;36m16ms<1b>[0m [Exited at #7: skip this file on old Windows releases]
    
     test_dimsubset.R.............. 0 tests
     test_dimsubset.R.............. 0 tests
     test_dimsubset.R.............. 0 tests
     test_dimsubset.R.............. 0 tests <1b>[0;36m0ms<1b>[0m [Exited at #10: skip this file on old Windows releases]
    
     test_domain.R................. 0 tests
     test_domain.R................. 0 tests
     test_domain.R................. 0 tests
     test_domain.R................. 0 tests <1b>[0;36m0ms<1b>[0m [Exited at #7: skip this file on old Windows releases]
    
     test_filestore.R.............. 0 tests
     test_filestore.R.............. 0 tests
     test_filestore.R.............. 0 tests
     test_filestore.R.............. 0 tests
     test_filestore.R.............. 0 tests
     test_filestore.R.............. 0 tests
     test_filestore.R.............. 1 tests <1b>[0;32mOK<1b>[0m
     test_filestore.R.............. 2 tests <1b>[0;32mOK<1b>[0m
     test_filestore.R.............. 3 tests <1b>[0;32mOK<1b>[0m
     test_filestore.R.............. 4 tests <1b>[0;32mOK<1b>[0m
     test_filestore.R.............. 5 tests <1b>[0;32mOK<1b>[0m
     test_filestore.R.............. 5 tests <1b>[0;32mOK<1b>[0m
     test_filestore.R.............. 5 tests <1b>[0;32mOK<1b>[0m
     test_filestore.R.............. 6 tests <1b>[0;32mOK<1b>[0m Error in libtiledb_filestore_uri_import(ctx@ptr, filestore_uri, file_uri) :
     Error importing file into filestore
     Calls: <Anonymous> ... tiledb_filestore_uri_import -> libtiledb_filestore_uri_import
     Execution halted
Flavor: r-oldrel-windows-ix86+x86_64

Version: 0.14.0
Check: running tests for arch ‘x64’
Result: ERROR
     Running 'tinytest.R' [2s]
    Running the tests in 'tests/tinytest.R' failed.
    Complete output:
     >
     > if (requireNamespace("tinytest", quietly=TRUE)) {
     +
     + ## Set a seed to make the test deterministic
     + set.seed(42)
     +
     + ## R makes us to this
     + Sys.setenv("R_TESTS"="")
     +
     + ## there are several more granular ways to test files in a tinytest directory,
     + ## see its package vignette; tests can also run once the package is installed
     + ## using the same command `test_package(pkgName)`, or by director or file
     + tinytest::test_package("tiledb")
     + }
    
     test_arrayschema.R............ 0 tests
     test_arrayschema.R............ 0 tests
     test_arrayschema.R............ 0 tests
     test_arrayschema.R............ 0 tests
     test_arrayschema.R............ 0 tests
     test_arrayschema.R............ 0 tests
     test_arrayschema.R............ 0 tests
     test_arrayschema.R............ 0 tests
     test_arrayschema.R............ 0 tests
     test_arrayschema.R............ 1 tests <1b>[0;32mOK<1b>[0m
     test_arrayschema.R............ 1 tests <1b>[0;32mOK<1b>[0m
     test_arrayschema.R............ 1 tests <1b>[0;32mOK<1b>[0m
     test_arrayschema.R............ 1 tests <1b>[0;32mOK<1b>[0m
     test_arrayschema.R............ 1 tests <1b>[0;32mOK<1b>[0m
     test_arrayschema.R............ 1 tests <1b>[0;32mOK<1b>[0m
     test_arrayschema.R............ 2 tests <1b>[0;32mOK<1b>[0m
     test_arrayschema.R............ 2 tests <1b>[0;32mOK<1b>[0m
     test_arrayschema.R............ 3 tests <1b>[0;32mOK<1b>[0m
     test_arrayschema.R............ 4 tests <1b>[0;32mOK<1b>[0m
     test_arrayschema.R............ 5 tests <1b>[0;32mOK<1b>[0m
     test_arrayschema.R............ 5 tests <1b>[0;32mOK<1b>[0m
     test_arrayschema.R............ 6 tests <1b>[0;32mOK<1b>[0m
     test_arrayschema.R............ 7 tests <1b>[0;32mOK<1b>[0m
     test_arrayschema.R............ 8 tests <1b>[0;32mOK<1b>[0m
     test_arrayschema.R............ 9 tests <1b>[0;32mOK<1b>[0m
     test_arrayschema.R............ 10 tests <1b>[0;32mOK<1b>[0m
     test_arrayschema.R............ 10 tests <1b>[0;32mOK<1b>[0m
     test_arrayschema.R............ 10 tests <1b>[0;32mOK<1b>[0m
     test_arrayschema.R............ 10 tests <1b>[0;32mOK<1b>[0m
     test_arrayschema.R............ 10 tests <1b>[0;32mOK<1b>[0m
     test_arrayschema.R............ 10 tests <1b>[0;32mOK<1b>[0m
     test_arrayschema.R............ 10 tests <1b>[0;32mOK<1b>[0m
     test_arrayschema.R............ 10 tests <1b>[0;32mOK<1b>[0m
     test_arrayschema.R............ 11 tests <1b>[0;32mOK<1b>[0m
     test_arrayschema.R............ 11 tests <1b>[0;32mOK<1b>[0m
     test_arrayschema.R............ 12 tests <1b>[0;32mOK<1b>[0m
     test_arrayschema.R............ 13 tests <1b>[0;32mOK<1b>[0m
     test_arrayschema.R............ 14 tests <1b>[0;32mOK<1b>[0m
     test_arrayschema.R............ 15 tests <1b>[0;32mOK<1b>[0m
     test_arrayschema.R............ 15 tests <1b>[0;32mOK<1b>[0m
     test_arrayschema.R............ 16 tests <1b>[0;32mOK<1b>[0m
     test_arrayschema.R............ 17 tests <1b>[0;32mOK<1b>[0m
     test_arrayschema.R............ 18 tests <1b>[0;32mOK<1b>[0m
     test_arrayschema.R............ 19 tests <1b>[0;32mOK<1b>[0m
     test_arrayschema.R............ 20 tests <1b>[0;32mOK<1b>[0m
     test_arrayschema.R............ 21 tests <1b>[0;32mOK<1b>[0m
     test_arrayschema.R............ 21 tests <1b>[0;32mOK<1b>[0m
     test_arrayschema.R............ 22 tests <1b>[0;32mOK<1b>[0m
     test_arrayschema.R............ 23 tests <1b>[0;32mOK<1b>[0m
     test_arrayschema.R............ 24 tests <1b>[0;32mOK<1b>[0m
     test_arrayschema.R............ 25 tests <1b>[0;32mOK<1b>[0m
     test_arrayschema.R............ 26 tests <1b>[0;32mOK<1b>[0m
     test_arrayschema.R............ 26 tests <1b>[0;32mOK<1b>[0m
     test_arrayschema.R............ 27 tests <1b>[0;32mOK<1b>[0m
     test_arrayschema.R............ 28 tests <1b>[0;32mOK<1b>[0m
     test_arrayschema.R............ 28 tests <1b>[0;32mOK<1b>[0m
     test_arrayschema.R............ 28 tests <1b>[0;32mOK<1b>[0m
     test_arrayschema.R............ 28 tests <1b>[0;32mOK<1b>[0m
     test_arrayschema.R............ 29 tests <1b>[0;32mOK<1b>[0m
     test_arrayschema.R............ 29 tests <1b>[0;32mOK<1b>[0m
     test_arrayschema.R............ 30 tests <1b>[0;32mOK<1b>[0m <1b>[0;34m0.2s<1b>[0m
    
     test_arrayschemaevolution.R... 0 tests
     test_arrayschemaevolution.R... 0 tests
     test_arrayschemaevolution.R... 0 tests <1b>[0;36m0ms<1b>[0m [Exited at #7: Skip on Windows]
    
     test_arrowio.R................ 0 tests
     test_arrowio.R................ 0 tests
     test_arrowio.R................ 0 tests
     test_arrowio.R................ 0 tests <1b>[0;36m0ms<1b>[0m [Exited at #7: skip this file on old Windows releases]
    
     test_attr.R................... 0 tests
     test_attr.R................... 0 tests
     test_attr.R................... 0 tests
     test_attr.R................... 0 tests
     test_attr.R................... 0 tests
     test_attr.R................... 1 tests <1b>[0;32mOK<1b>[0m
     test_attr.R................... 1 tests <1b>[0;32mOK<1b>[0m
     test_attr.R................... 2 tests <1b>[0;32mOK<1b>[0m
     test_attr.R................... 3 tests <1b>[0;32mOK<1b>[0m
     test_attr.R................... 4 tests <1b>[0;32mOK<1b>[0m
     test_attr.R................... 5 tests <1b>[0;32mOK<1b>[0m
     test_attr.R................... 5 tests <1b>[0;32mOK<1b>[0m
     test_attr.R................... 6 tests <1b>[0;32mOK<1b>[0m
     test_attr.R................... 6 tests <1b>[0;32mOK<1b>[0m
     test_attr.R................... 7 tests <1b>[0;32mOK<1b>[0m
     test_attr.R................... 7 tests <1b>[0;32mOK<1b>[0m
     test_attr.R................... 7 tests <1b>[0;32mOK<1b>[0m
     test_attr.R................... 8 tests <1b>[0;32mOK<1b>[0m
     test_attr.R................... 9 tests <1b>[0;32mOK<1b>[0m
     test_attr.R................... 10 tests <1b>[0;32mOK<1b>[0m
     test_attr.R................... 11 tests <1b>[0;32mOK<1b>[0m
     test_attr.R................... 11 tests <1b>[0;32mOK<1b>[0m
     test_attr.R................... 12 tests <1b>[0;32mOK<1b>[0m
     test_attr.R................... 13 tests <1b>[0;32mOK<1b>[0m
     test_attr.R................... 13 tests <1b>[0;32mOK<1b>[0m
     test_attr.R................... 14 tests <1b>[0;32mOK<1b>[0m
     test_attr.R................... 14 tests <1b>[0;32mOK<1b>[0m
     test_attr.R................... 15 tests <1b>[0;32mOK<1b>[0m
     test_attr.R................... 15 tests <1b>[0;32mOK<1b>[0m
     test_attr.R................... 16 tests <1b>[0;32mOK<1b>[0m
     test_attr.R................... 16 tests <1b>[0;32mOK<1b>[0m
     test_attr.R................... 16 tests <1b>[0;32mOK<1b>[0m <1b>[0;36m31ms<1b>[0m [Exited at #60: skip remainder of this file on old Windows releases]
    
     test_config.R................. 0 tests
     test_config.R................. 0 tests
     test_config.R................. 0 tests
     test_config.R................. 0 tests
     test_config.R................. 1 tests <1b>[0;32mOK<1b>[0m
     test_config.R................. 1 tests <1b>[0;32mOK<1b>[0m
     test_config.R................. 2 tests <1b>[0;32mOK<1b>[0m
     test_config.R................. 3 tests <1b>[0;32mOK<1b>[0m
     test_config.R................. 4 tests <1b>[0;32mOK<1b>[0m
     test_config.R................. 5 tests <1b>[0;32mOK<1b>[0m
     test_config.R................. 6 tests <1b>[0;32mOK<1b>[0m
     test_config.R................. 6 tests <1b>[0;32mOK<1b>[0m
     test_config.R................. 6 tests <1b>[0;32mOK<1b>[0m
     test_config.R................. 7 tests <1b>[0;32mOK<1b>[0m
     test_config.R................. 7 tests <1b>[0;32mOK<1b>[0m
     test_config.R................. 8 tests <1b>[0;32mOK<1b>[0m
     test_config.R................. 8 tests <1b>[0;32mOK<1b>[0m
     test_config.R................. 9 tests <1b>[0;32mOK<1b>[0m
     test_config.R................. 9 tests <1b>[0;32mOK<1b>[0m
     test_config.R................. 10 tests <1b>[0;32mOK<1b>[0m
     test_config.R................. 10 tests <1b>[0;32mOK<1b>[0m
     test_config.R................. 11 tests <1b>[0;32mOK<1b>[0m
     test_config.R................. 12 tests <1b>[0;32mOK<1b>[0m
     test_config.R................. 12 tests <1b>[0;32mOK<1b>[0m
     test_config.R................. 12 tests <1b>[0;32mOK<1b>[0m
     test_config.R................. 13 tests <1b>[0;32mOK<1b>[0m
     test_config.R................. 13 tests <1b>[0;32mOK<1b>[0m
     test_config.R................. 13 tests <1b>[0;32mOK<1b>[0m
     test_config.R................. 13 tests <1b>[0;32mOK<1b>[0m
     test_config.R................. 13 tests <1b>[0;32mOK<1b>[0m
     test_config.R................. 13 tests <1b>[0;32mOK<1b>[0m
     test_config.R................. 13 tests <1b>[0;32mOK<1b>[0m
     test_config.R................. 13 tests <1b>[0;32mOK<1b>[0m
     test_config.R................. 14 tests <1b>[0;32mOK<1b>[0m
     test_config.R................. 14 tests <1b>[0;32mOK<1b>[0m
     test_config.R................. 15 tests <1b>[0;32mOK<1b>[0m <1b>[0;36m31ms<1b>[0m
    
     test_ctx.R.................... 0 tests
     test_ctx.R.................... 0 tests
     test_ctx.R.................... 0 tests
     test_ctx.R.................... 0 tests <1b>[0;36m0ms<1b>[0m [Exited at #7: skip this file on old Windows releases]
    
     test_dataframe.R.............. 0 tests
     test_dataframe.R.............. 0 tests
     test_dataframe.R.............. 0 tests
     test_dataframe.R.............. 0 tests <1b>[0;36m16ms<1b>[0m [Exited at #7: skip this file on old Windows releases]
    
     test_datetime.R............... 0 tests
     test_datetime.R............... 0 tests
     test_datetime.R............... 0 tests
     test_datetime.R............... 0 tests <1b>[0;36m0ms<1b>[0m [Exited at #7: skip this file on old Windows releases]
    
     test_dim.R.................... 0 tests
     test_dim.R.................... 0 tests
     test_dim.R.................... 0 tests
     test_dim.R.................... 0 tests <1b>[0;36m0ms<1b>[0m [Exited at #7: skip this file on old Windows releases]
    
     test_dimsubset.R.............. 0 tests
     test_dimsubset.R.............. 0 tests
     test_dimsubset.R.............. 0 tests
     test_dimsubset.R.............. 0 tests <1b>[0;36m16ms<1b>[0m [Exited at #10: skip this file on old Windows releases]
    
     test_domain.R................. 0 tests
     test_domain.R................. 0 tests
     test_domain.R................. 0 tests
     test_domain.R................. 0 tests <1b>[0;36m0ms<1b>[0m [Exited at #7: skip this file on old Windows releases]
    
     test_filestore.R.............. 0 tests
     test_filestore.R.............. 0 tests
     test_filestore.R.............. 0 tests
     test_filestore.R.............. 0 tests
     test_filestore.R.............. 0 tests
     test_filestore.R.............. 0 tests
     test_filestore.R.............. 1 tests <1b>[0;32mOK<1b>[0m
     test_filestore.R.............. 2 tests <1b>[0;32mOK<1b>[0m
     test_filestore.R.............. 3 tests <1b>[0;32mOK<1b>[0m
     test_filestore.R.............. 4 tests <1b>[0;32mOK<1b>[0m
     test_filestore.R.............. 5 tests <1b>[0;32mOK<1b>[0m
     test_filestore.R.............. 5 tests <1b>[0;32mOK<1b>[0m
     test_filestore.R.............. 5 tests <1b>[0;32mOK<1b>[0m
     test_filestore.R.............. 6 tests <1b>[0;32mOK<1b>[0m Error in libtiledb_filestore_uri_import(ctx@ptr, filestore_uri, file_uri) :
     Error importing file into filestore
     Calls: <Anonymous> ... tiledb_filestore_uri_import -> libtiledb_filestore_uri_import
     Execution halted
Flavor: r-oldrel-windows-ix86+x86_64