CRAN Package Check Results for Package timeROC

Last updated on 2024-03-03 22:59:05 CET.

Flavor Version Tinstall Tcheck Ttotal Status Flags
r-devel-linux-x86_64-debian-clang 0.4 10.92 100.52 111.44 NOTE
r-devel-linux-x86_64-debian-gcc 0.4 8.06 75.30 83.36 NOTE
r-devel-linux-x86_64-fedora-clang 0.4 136.75 NOTE
r-devel-linux-x86_64-fedora-gcc 0.4 135.24 NOTE
r-devel-windows-x86_64 0.4 11.00 91.00 102.00 NOTE
r-patched-linux-x86_64 0.4 9.40 99.90 109.30 NOTE
r-release-linux-x86_64 0.4 9.83 98.33 108.16 NOTE
r-release-macos-arm64 0.4 49.00 NOTE
r-release-macos-x86_64 0.4 72.00 NOTE
r-release-windows-x86_64 0.4 15.00 110.00 125.00 NOTE
r-oldrel-macos-arm64 0.4 37.00 OK
r-oldrel-windows-x86_64 0.4 14.00 107.00 121.00 OK

Check Details

Version: 0.4
Check: Rd files
Result: NOTE checkRd: (-1) compare.Rd:46: Escaped LaTeX specials: \& Flavors: r-devel-linux-x86_64-debian-clang, r-devel-linux-x86_64-debian-gcc, r-devel-linux-x86_64-fedora-clang, r-devel-linux-x86_64-fedora-gcc, r-devel-windows-x86_64, r-patched-linux-x86_64, r-release-linux-x86_64, r-release-macos-arm64, r-release-macos-x86_64, r-release-windows-x86_64