CRAN Package Check Results for Package timetk

Last updated on 2024-02-24 21:40:36 CET.

Flavor Version Tinstall Tcheck Ttotal Status Flags
r-devel-linux-x86_64-debian-clang 2.9.0 25.21 346.10 371.31 OK
r-devel-linux-x86_64-debian-gcc 2.9.0 21.78 265.70 287.48 OK
r-devel-linux-x86_64-fedora-clang 2.9.0 483.54 NOTE
r-devel-linux-x86_64-fedora-gcc 2.9.0 463.98 NOTE
r-devel-windows-x86_64 2.9.0 22.00 277.00 299.00 OK
r-patched-linux-x86_64 2.9.0 29.82 300.98 330.80 OK
r-release-linux-x86_64 2.9.0 16.60 335.82 352.42 OK
r-release-macos-arm64 2.9.0 177.00 OK
r-release-macos-x86_64 2.9.0 273.00 OK
r-release-windows-x86_64 2.9.0 29.00 361.00 390.00 OK
r-oldrel-macos-arm64 2.9.0 133.00 OK
r-oldrel-windows-x86_64 2.9.0 32.00 335.00 367.00 OK

Check Details

Version: 2.9.0
Check: package dependencies
Result: NOTE Imports includes 25 non-default packages. Importing from so many packages makes the package vulnerable to any of them becoming unavailable. Move as many as possible to Suggests and use conditionally. Flavor: r-devel-linux-x86_64-fedora-clang

Version: 2.9.0
Check: data for non-ASCII characters
Result: NOTE Note: found 2750 marked UTF-8 strings Flavors: r-devel-linux-x86_64-fedora-clang, r-devel-linux-x86_64-fedora-gcc