CRAN Package Check Results for Package timevis

Last updated on 2022-01-18 22:47:41 CET.

Flavor Version Tinstall Tcheck Ttotal Status Flags
r-devel-linux-x86_64-debian-clang 2.0.0 2.89 49.65 52.54 OK
r-devel-linux-x86_64-debian-gcc 2.0.0 2.62 39.51 42.13 OK
r-devel-linux-x86_64-fedora-clang 2.0.0 65.72 NOTE
r-devel-linux-x86_64-fedora-gcc 2.0.0 54.18 NOTE
r-devel-windows-x86_64-new-UL 2.0.0 49.00 107.00 156.00 OK
r-devel-windows-x86_64-new-TK 2.0.0 NOTE
r-patched-linux-x86_64 2.0.0 3.43 48.67 52.10 OK
r-release-linux-x86_64 2.0.0 OK
r-release-macos-arm64 2.0.0 NOTE
r-release-macos-x86_64 2.0.0 NOTE
r-release-windows-ix86+x86_64 2.0.0 12.00 70.00 82.00 OK
r-oldrel-macos-x86_64 2.0.0 NOTE
r-oldrel-windows-ix86+x86_64 2.0.0 11.00 69.00 80.00 OK

Check Details

Version: 2.0.0
Check: dependencies in R code
Result: NOTE
    Namespace in Imports field not imported from: ‘lubridate’
     All declared Imports should be used.
Flavors: r-devel-linux-x86_64-fedora-clang, r-devel-linux-x86_64-fedora-gcc, r-devel-windows-x86_64-new-TK, r-release-macos-arm64, r-release-macos-x86_64, r-oldrel-macos-x86_64