Last updated on 2023-09-24 22:59:54 CEST.
Flavor | Version | Tinstall | Tcheck | Ttotal | Status | Flags |
---|---|---|---|---|---|---|
r-devel-linux-x86_64-debian-clang | 0.1.2 | 50.71 | 39.86 | 90.57 | NOTE | |
r-devel-linux-x86_64-debian-gcc | 0.1.2 | 42.71 | 31.39 | 74.10 | NOTE | |
r-devel-linux-x86_64-fedora-clang | 0.1.2 | 121.14 | NOTE | |||
r-devel-linux-x86_64-fedora-gcc | 0.1.2 | 122.21 | NOTE | |||
r-devel-windows-x86_64 | 0.1.2 | 54.00 | 77.00 | 131.00 | NOTE | |
r-patched-linux-x86_64 | 0.1.2 | 49.58 | 35.49 | 85.07 | NOTE | |
r-release-linux-x86_64 | 0.1.2 | 48.65 | 38.06 | 86.71 | NOTE | |
r-release-macos-arm64 | 0.1.2 | 68.00 | NOTE | |||
r-release-macos-x86_64 | 0.1.2 | 86.00 | NOTE | |||
r-release-windows-x86_64 | 0.1.2 | 64.00 | 87.00 | 151.00 | NOTE | |
r-oldrel-macos-arm64 | 0.1.2 | 59.00 | NOTE | |||
r-oldrel-macos-x86_64 | 0.1.2 | 88.00 | NOTE | |||
r-oldrel-windows-x86_64 | 0.1.2 | 61.00 | 79.00 | 140.00 | NOTE |
Version: 0.1.2
Check: C++ specification
Result: NOTE
Specified C++14: please drop specification unless essential
Flavors: r-devel-linux-x86_64-debian-clang, r-devel-linux-x86_64-debian-gcc, r-devel-linux-x86_64-fedora-clang, r-devel-linux-x86_64-fedora-gcc, r-devel-windows-x86_64, r-patched-linux-x86_64, r-release-linux-x86_64, r-release-macos-arm64, r-release-macos-x86_64, r-release-windows-x86_64
Version: 0.1.2
Check: installed package size
Result: NOTE
installed size is 5.5Mb
sub-directories of 1Mb or more:
data 5.1Mb
Flavors: r-devel-linux-x86_64-fedora-clang, r-devel-windows-x86_64, r-release-macos-arm64, r-release-macos-x86_64, r-release-windows-x86_64, r-oldrel-macos-arm64, r-oldrel-macos-x86_64, r-oldrel-windows-x86_64
Version: 0.1.2
Check: dependencies in R code
Result: NOTE
Namespaces in Imports field not imported from:
‘cpp11’ ‘dplyr’ ‘magrittr’ ‘stringi’
All declared Imports should be used.
Flavors: r-devel-linux-x86_64-fedora-clang, r-devel-linux-x86_64-fedora-gcc, r-oldrel-macos-arm64, r-oldrel-macos-x86_64
Version: 0.1.2
Check: data for non-ASCII characters
Result: NOTE
Note: found 384749 marked UTF-8 strings
Flavors: r-devel-linux-x86_64-fedora-clang, r-devel-linux-x86_64-fedora-gcc, r-oldrel-macos-arm64, r-oldrel-macos-x86_64