Last updated on 2023-02-08 23:15:31 CET.
Flavor | Version | Tinstall | Tcheck | Ttotal | Status | Flags |
---|---|---|---|---|---|---|
r-devel-linux-x86_64-debian-clang | 0.1.2 | 50.43 | 37.88 | 88.31 | NOTE | |
r-devel-linux-x86_64-debian-gcc | 0.1.2 | 41.13 | 35.23 | 76.36 | NOTE | |
r-devel-linux-x86_64-fedora-clang | 0.1.2 | 127.93 | NOTE | |||
r-devel-linux-x86_64-fedora-gcc | 0.1.2 | 130.16 | NOTE | |||
r-devel-windows-x86_64 | 0.1.2 | 71.00 | 97.00 | 168.00 | NOTE | |
r-patched-linux-x86_64 | 0.1.2 | 48.26 | 42.94 | 91.20 | OK | |
r-release-linux-x86_64 | 0.1.2 | 45.89 | 43.95 | 89.84 | OK | |
r-release-macos-arm64 | 0.1.2 | 59.00 | NOTE | |||
r-release-macos-x86_64 | 0.1.2 | 88.00 | NOTE | |||
r-release-windows-x86_64 | 0.1.2 | 62.00 | 101.00 | 163.00 | NOTE | |
r-oldrel-macos-arm64 | 0.1.2 | 68.00 | NOTE | |||
r-oldrel-macos-x86_64 | 0.1.2 | 75.00 | NOTE | |||
r-oldrel-windows-ix86+x86_64 | 0.1.2 | 77.00 | 105.00 | 182.00 | NOTE |
Version: 0.1.2
Check: C++ specification
Result: NOTE
Specified C++14: please update to current default of C++17
Flavors: r-devel-linux-x86_64-debian-clang, r-devel-windows-x86_64
Version: 0.1.2
Check: C++ specification
Result: NOTE
Specified C++14: please drop specification unless essential
Flavors: r-devel-linux-x86_64-debian-gcc, r-devel-linux-x86_64-fedora-clang, r-devel-linux-x86_64-fedora-gcc
Version: 0.1.2
Check: installed package size
Result: NOTE
installed size is 5.5Mb
sub-directories of 1Mb or more:
data 5.1Mb
Flavors: r-devel-linux-x86_64-fedora-clang, r-devel-windows-x86_64, r-release-macos-arm64, r-release-macos-x86_64, r-release-windows-x86_64, r-oldrel-macos-arm64, r-oldrel-macos-x86_64, r-oldrel-windows-ix86+x86_64
Version: 0.1.2
Check: dependencies in R code
Result: NOTE
Namespaces in Imports field not imported from:
‘cpp11’ ‘dplyr’ ‘magrittr’ ‘stringi’
All declared Imports should be used.
Flavors: r-devel-linux-x86_64-fedora-clang, r-devel-linux-x86_64-fedora-gcc, r-release-macos-arm64, r-release-macos-x86_64, r-oldrel-macos-arm64, r-oldrel-macos-x86_64
Version: 0.1.2
Check: data for non-ASCII characters
Result: NOTE
Note: found 384749 marked UTF-8 strings
Flavors: r-devel-linux-x86_64-fedora-clang, r-devel-linux-x86_64-fedora-gcc, r-release-macos-arm64, r-release-macos-x86_64, r-oldrel-macos-arm64, r-oldrel-macos-x86_64