CRAN Package Check Results for Package tlars

Last updated on 2024-02-26 23:03:55 CET.

Flavor Version Tinstall Tcheck Ttotal Status Flags
r-devel-linux-x86_64-debian-clang 1.0.0 57.58 107.40 164.98 OK
r-devel-linux-x86_64-debian-gcc 1.0.1 47.25 84.27 131.52 OK
r-devel-linux-x86_64-fedora-clang 1.0.1 219.78 OK
r-devel-linux-x86_64-fedora-gcc 1.0.1 251.62 OK
r-devel-windows-x86_64 0.0.1 45.00 129.00 174.00 NOTE
r-patched-linux-x86_64 0.0.1 57.27 106.97 164.24 ERROR
r-release-linux-x86_64 1.0.1 64.09 92.65 156.74 OK
r-release-macos-arm64 1.0.1 84.00 NOTE
r-release-macos-x86_64 1.0.1 179.00 NOTE
r-release-windows-x86_64 1.0.1 58.00 130.00 188.00 OK
r-oldrel-macos-arm64 1.0.1 81.00 NOTE
r-oldrel-windows-x86_64 1.0.1 57.00 148.00 205.00 OK

Check Details

Version: 0.0.1
Check: C++ specification
Result: NOTE Specified C++11: please drop specification unless essential Flavors: r-devel-windows-x86_64, r-patched-linux-x86_64

Version: 0.0.1
Check: re-building of vignette outputs
Result: ERROR Error(s) in re-building vignettes: ... --- re-building ‘tlars_variable_selection.Rmd’ using rmarkdown Could not fetch http://www.zotero.org/styles/institute-of-mathematical-statistics HttpExceptionRequest Request { host = "www.zotero.org" port = 80 secure = False requestHeaders = [] path = "/styles/institute-of-mathematical-statistics" queryString = "" method = "GET" proxy = Nothing rawBody = False redirectCount = 10 responseTimeout = ResponseTimeoutDefault requestVersion = HTTP/1.1 proxySecureMode = ProxySecureWithConnect } (InternalException (HandshakeFailed (Error_Protocol "peer does not support Extended Main Secret" HandshakeFailure))) Error: processing vignette 'tlars_variable_selection.Rmd' failed with diagnostics: pandoc document conversion failed with error 61 --- failed re-building ‘tlars_variable_selection.Rmd’ SUMMARY: processing the following file failed: ‘tlars_variable_selection.Rmd’ Error: Vignette re-building failed. Execution halted Flavor: r-patched-linux-x86_64

Version: 1.0.1
Check: installed package size
Result: NOTE installed size is 7.3Mb sub-directories of 1Mb or more: doc 2.2Mb libs 4.7Mb Flavors: r-release-macos-arm64, r-release-macos-x86_64, r-oldrel-macos-arm64