Last updated on 2023-05-29 23:03:59 CEST.
Flavor | Version | Tinstall | Tcheck | Ttotal | Status | Flags |
---|---|---|---|---|---|---|
r-devel-linux-x86_64-debian-clang | 3.1-1 | 7.67 | 110.27 | 117.94 | NOTE | |
r-devel-linux-x86_64-debian-gcc | 3.1-1 | 5.26 | 84.18 | 89.44 | NOTE | |
r-devel-linux-x86_64-fedora-clang | 3.1-1 | 146.27 | NOTE | |||
r-devel-linux-x86_64-fedora-gcc | 3.1-1 | 142.18 | NOTE | |||
r-devel-windows-x86_64 | 3.1-1 | 10.00 | 100.00 | 110.00 | NOTE | |
r-patched-linux-x86_64 | 3.1-1 | 8.31 | 104.57 | 112.88 | NOTE | |
r-release-linux-x86_64 | 3.1-1 | 7.99 | 104.29 | 112.28 | NOTE | |
r-release-macos-arm64 | 3.1-1 | 54.00 | NOTE | |||
r-release-macos-x86_64 | 3.1-1 | 80.00 | NOTE | |||
r-release-windows-x86_64 | 3.1-1 | 12.00 | 121.00 | 133.00 | NOTE | |
r-oldrel-macos-arm64 | 3.1-1 | 49.00 | NOTE | |||
r-oldrel-macos-x86_64 | 3.1-1 | 90.00 | NOTE | |||
r-oldrel-windows-x86_64 | 3.1-1 | 12.00 | 119.00 | 131.00 | NOTE |
Version: 3.1-1
Check: LazyData
Result: NOTE
'LazyData' is specified without a 'data' directory
Flavors: r-devel-linux-x86_64-debian-clang, r-devel-linux-x86_64-debian-gcc, r-devel-linux-x86_64-fedora-clang, r-devel-linux-x86_64-fedora-gcc, r-devel-windows-x86_64, r-patched-linux-x86_64, r-release-linux-x86_64, r-release-macos-arm64, r-release-macos-x86_64, r-release-windows-x86_64, r-oldrel-macos-arm64, r-oldrel-macos-x86_64, r-oldrel-windows-x86_64
Version: 3.1-1
Check: Rd cross-references
Result: NOTE
Undeclared package ‘sp’ in Rd xrefs
Flavor: r-devel-linux-x86_64-fedora-clang
Version: 3.1-1
Check: package dependencies
Result: NOTE
Package suggested but not available for checking: ‘OpenStreetMap’
Flavor: r-oldrel-macos-x86_64
Version: 3.1-1
Check: Rd cross-references
Result: NOTE
Package unavailable to check Rd xrefs: ‘OpenStreetMap’
Flavor: r-oldrel-macos-x86_64