Last updated on 2022-05-27 22:52:09 CEST.
Flavor | Version | Tinstall | Tcheck | Ttotal | Status | Flags |
---|---|---|---|---|---|---|
r-devel-linux-x86_64-debian-clang | 0.3.5 | 10.16 | 204.76 | 214.92 | OK | |
r-devel-linux-x86_64-debian-gcc | 0.3.5 | 8.77 | 152.28 | 161.05 | OK | |
r-devel-linux-x86_64-fedora-clang | 0.3.5 | 231.11 | NOTE | |||
r-devel-linux-x86_64-fedora-gcc | 0.3.5 | 213.81 | NOTE | |||
r-devel-windows-x86_64 | 0.3.5 | 52.00 | 227.00 | 279.00 | OK | |
r-patched-linux-x86_64 | 0.3.5 | 9.72 | 194.87 | 204.59 | OK | |
r-release-linux-x86_64 | 0.3.5 | 8.51 | 192.06 | 200.57 | OK | |
r-release-macos-arm64 | 0.3.5 | 69.00 | NOTE | |||
r-release-macos-x86_64 | 0.3.5 | 94.00 | NOTE | |||
r-release-windows-x86_64 | 0.3.5 | 53.00 | 218.00 | 271.00 | OK | |
r-oldrel-macos-arm64 | 0.3.5 | 72.00 | NOTE | |||
r-oldrel-macos-x86_64 | 0.3.5 | 99.00 | NOTE | |||
r-oldrel-windows-ix86+x86_64 | 0.3.5 | 23.00 | 240.00 | 263.00 | OK |
Version: 0.3.5
Check: data for non-ASCII characters
Result: NOTE
Note: found 160 marked UTF-8 strings
Flavors: r-devel-linux-x86_64-fedora-clang, r-devel-linux-x86_64-fedora-gcc, r-release-macos-arm64, r-release-macos-x86_64, r-oldrel-macos-arm64, r-oldrel-macos-x86_64