CRAN Package Check Results for Package topologyGSA

Last updated on 2022-01-16 22:51:29 CET.

Flavor Version Tinstall Tcheck Ttotal Status Flags
r-devel-linux-x86_64-debian-clang 1.4.7 49.91 430.15 480.06 OK
r-devel-linux-x86_64-debian-gcc 1.4.7 48.13 326.82 374.95 OK
r-devel-linux-x86_64-fedora-clang 1.4.7 604.57 OK
r-devel-linux-x86_64-fedora-gcc 1.4.7 612.64 OK
r-devel-windows-x86_64-new-UL 1.4.7 71.00 414.00 485.00 OK
r-devel-windows-x86_64-new-TK 1.4.7 OK
r-patched-linux-x86_64 1.4.7 46.65 411.65 458.30 OK
r-release-linux-x86_64 1.4.7 OK
r-release-macos-arm64 1.4.7 OK
r-release-macos-x86_64 1.4.7 ERROR
r-release-windows-ix86+x86_64 1.4.7 113.00 451.00 564.00 OK
r-oldrel-macos-x86_64 1.4.7 ERROR
r-oldrel-windows-ix86+x86_64 1.4.7 123.00 500.00 623.00 OK

Check Details

Version: 1.4.7
Check: package dependencies
Result: ERROR
    Package required but not available: ‘qpgraph’
    
    See section ‘The DESCRIPTION file’ in the ‘Writing R Extensions’
    manual.
Flavors: r-release-macos-x86_64, r-oldrel-macos-x86_64