CRAN Package Check Results for Package toxEval

Last updated on 2022-09-25 22:54:08 CEST.

Flavor Version Tinstall Tcheck Ttotal Status Flags
r-devel-linux-x86_64-debian-clang 1.2.0 18.88 195.13 214.01 NOTE
r-devel-linux-x86_64-debian-gcc 1.2.0 18.33 143.47 161.80 NOTE
r-devel-linux-x86_64-fedora-clang 1.2.0 264.66 NOTE
r-devel-linux-x86_64-fedora-gcc 1.2.0 258.71 NOTE
r-devel-windows-x86_64 1.2.0 45.00 239.00 284.00 NOTE
r-patched-linux-x86_64 1.2.0 17.26 180.67 197.93 NOTE
r-release-linux-x86_64 1.2.0 15.08 178.85 193.93 NOTE
r-release-macos-arm64 1.2.0 95.00 NOTE
r-release-macos-x86_64 1.2.0 165.00 NOTE
r-release-windows-x86_64 1.2.0 42.00 247.00 289.00 NOTE
r-oldrel-macos-arm64 1.2.0 133.00 NOTE
r-oldrel-macos-x86_64 1.2.0 176.00 NOTE
r-oldrel-windows-ix86+x86_64 1.2.0 38.00 233.00 271.00 NOTE

Check Details

Version: 1.2.0
Check: LazyData
Result: NOTE
     'LazyData' is specified without a 'data' directory
Flavors: r-devel-linux-x86_64-debian-clang, r-devel-linux-x86_64-debian-gcc, r-devel-linux-x86_64-fedora-clang, r-devel-linux-x86_64-fedora-gcc, r-devel-windows-x86_64, r-patched-linux-x86_64, r-release-linux-x86_64, r-release-macos-arm64, r-release-macos-x86_64, r-release-windows-x86_64, r-oldrel-macos-arm64, r-oldrel-macos-x86_64, r-oldrel-windows-ix86+x86_64