CRAN Package Check Results for Package traitdataform

Last updated on 2022-05-27 22:52:09 CEST.

Flavor Version Tinstall Tcheck Ttotal Status Flags
r-devel-linux-x86_64-debian-clang 0.6.8 10.82 130.42 141.24 OK
r-devel-linux-x86_64-debian-gcc 0.6.8 10.24 97.52 107.76 OK
r-devel-linux-x86_64-fedora-clang 0.6.8 175.26 NOTE
r-devel-linux-x86_64-fedora-gcc 0.6.8 171.25 NOTE
r-devel-windows-x86_64 0.6.8 74.00 184.00 258.00 OK
r-release-linux-x86_64 0.6.8 11.80 123.49 135.29 OK
r-release-macos-arm64 0.6.8 140.00 NOTE
r-release-macos-x86_64 0.6.8 152.00 NOTE
r-release-windows-x86_64 0.6.8 48.00 179.00 227.00 OK
r-oldrel-macos-arm64 0.6.8 128.00 NOTE
r-oldrel-macos-x86_64 0.6.8 147.00 NOTE
r-oldrel-windows-ix86+x86_64 0.6.8 36.00 162.00 198.00 OK

Check Details

Version: 0.6.8
Check: data for non-ASCII characters
Result: NOTE
     Note: found 2 marked Latin-1 strings
     Note: found 701 marked UTF-8 strings
Flavors: r-devel-linux-x86_64-fedora-clang, r-devel-linux-x86_64-fedora-gcc, r-release-macos-arm64, r-release-macos-x86_64, r-oldrel-macos-arm64, r-oldrel-macos-x86_64