CRAN Package Check Results for Package treeclim

Last updated on 2022-01-28 23:00:55 CET.

Flavor Version Tinstall Tcheck Ttotal Status Flags
r-devel-linux-x86_64-debian-clang 2.0.5.1 120.09 193.39 313.48 OK
r-devel-linux-x86_64-debian-gcc 2.0.5.1 92.52 137.37 229.89 OK
r-devel-linux-x86_64-fedora-clang 2.0.5.1 453.01 NOTE
r-devel-linux-x86_64-fedora-gcc 2.0.5.1 435.58 OK
r-devel-windows-x86_64-new-UL 2.0.5.1 154.00 220.00 374.00 OK
r-devel-windows-x86_64-new-TK 2.0.5.1 OK
r-patched-linux-x86_64 2.0.5.1 108.78 205.93 314.71 OK
r-release-linux-x86_64 2.0.5.1 109.34 204.32 313.66 OK
r-release-macos-arm64 2.0.5.1 OK
r-release-macos-x86_64 2.0.5.1 OK
r-release-windows-ix86+x86_64 2.0.5.1 462.00 353.00 815.00 OK
r-oldrel-macos-x86_64 2.0.5.1 OK
r-oldrel-windows-ix86+x86_64 2.0.5.1 310.00 358.00 668.00 OK

Check Details

Version: 2.0.5.1
Check: Rd cross-references
Result: NOTE
    Undeclared package ‘dplR’ in Rd xrefs
Flavor: r-devel-linux-x86_64-fedora-clang