CRAN Package Check Results for Package treefit

Last updated on 2024-02-22 23:14:16 CET.

Flavor Version Tinstall Tcheck Ttotal Status Flags
r-devel-linux-x86_64-debian-clang 1.0.2 OK
r-devel-linux-x86_64-debian-gcc 1.0.2 4.39 100.60 104.99 OK
r-devel-linux-x86_64-fedora-clang 1.0.2 169.04 OK
r-devel-linux-x86_64-fedora-gcc 1.0.2 172.48 OK
r-devel-windows-x86_64 1.0.2 6.00 115.00 121.00 OK
r-patched-linux-x86_64 1.0.2 4.56 132.06 136.62 OK
r-release-linux-x86_64 1.0.2 3.63 130.14 133.77 OK
r-release-macos-arm64 1.0.2 193.00 OK
r-release-macos-x86_64 1.0.2 115.00 NOTE
r-release-windows-x86_64 1.0.2 8.00 148.00 156.00 OK
r-oldrel-macos-arm64 1.0.2 153.00 OK
r-oldrel-windows-x86_64 1.0.2 8.00 146.00 154.00 OK

Check Details

Version: 1.0.2
Check: package dependencies
Result: NOTE Package suggested but not available for checking: ‘Seurat’ Flavor: r-release-macos-x86_64