CRAN Package Check Results for Package triplot

Last updated on 2024-02-26 23:03:55 CET.

Flavor Version Tinstall Tcheck Ttotal Status Flags
r-devel-linux-x86_64-debian-clang 1.3.0 10.92 128.22 139.14 NOTE
r-devel-linux-x86_64-debian-gcc 1.3.0 9.29 95.65 104.94 NOTE
r-devel-linux-x86_64-fedora-clang 1.3.0 166.91 NOTE
r-devel-linux-x86_64-fedora-gcc 1.3.0 169.17 NOTE
r-devel-windows-x86_64 1.3.0 11.00 105.00 116.00 NOTE
r-patched-linux-x86_64 1.3.0 9.75 124.51 134.26 NOTE
r-release-linux-x86_64 1.3.0 7.42 124.01 131.43 NOTE
r-release-macos-arm64 1.3.0 52.00 NOTE
r-release-macos-x86_64 1.3.0 88.00 NOTE
r-release-windows-x86_64 1.3.0 15.00 130.00 145.00 NOTE
r-oldrel-macos-arm64 1.3.0 46.00 NOTE
r-oldrel-windows-x86_64 1.3.0 14.00 135.00 149.00 NOTE

Check Details

Version: 1.3.0
Check: LazyData
Result: NOTE 'LazyData' is specified without a 'data' directory Flavors: r-devel-linux-x86_64-debian-clang, r-devel-linux-x86_64-debian-gcc, r-devel-linux-x86_64-fedora-clang, r-devel-linux-x86_64-fedora-gcc, r-devel-windows-x86_64, r-patched-linux-x86_64, r-release-linux-x86_64, r-release-macos-arm64, r-release-macos-x86_64, r-release-windows-x86_64, r-oldrel-macos-arm64, r-oldrel-windows-x86_64