CRAN Package Check Results for Package troopdata

Last updated on 2022-05-21 22:58:28 CEST.

Flavor Version Tinstall Tcheck Ttotal Status Flags
r-devel-linux-x86_64-debian-clang 0.1.5 3.22 39.42 42.64 OK
r-devel-linux-x86_64-debian-gcc 0.1.5 2.17 30.85 33.02 OK
r-devel-linux-x86_64-fedora-clang 0.1.5 51.52 NOTE
r-devel-linux-x86_64-fedora-gcc 0.1.5 49.31 NOTE
r-devel-windows-x86_64 0.1.5 18.00 59.00 77.00 OK
r-patched-linux-x86_64 0.1.5 3.35 38.11 41.46 OK
r-release-linux-x86_64 0.1.5 2.11 37.98 40.09 OK
r-release-macos-arm64 0.1.5 17.00 NOTE
r-release-macos-x86_64 0.1.5 31.00 NOTE
r-release-windows-x86_64 0.1.5 19.00 58.00 77.00 OK
r-oldrel-macos-arm64 0.1.5 20.00 NOTE
r-oldrel-macos-x86_64 0.1.5 23.00 NOTE
r-oldrel-windows-ix86+x86_64 0.1.5 8.00 59.00 67.00 OK

Check Details

Version: 0.1.5
Check: dependencies in R code
Result: NOTE
    Namespace in Imports field not imported from: ‘tibble’
     All declared Imports should be used.
Flavors: r-devel-linux-x86_64-fedora-clang, r-devel-linux-x86_64-fedora-gcc, r-release-macos-arm64, r-release-macos-x86_64, r-oldrel-macos-arm64, r-oldrel-macos-x86_64

Version: 0.1.5
Check: data for non-ASCII characters
Result: NOTE
     Note: found 1 marked UTF-8 string
Flavors: r-devel-linux-x86_64-fedora-clang, r-devel-linux-x86_64-fedora-gcc, r-release-macos-arm64, r-release-macos-x86_64, r-oldrel-macos-arm64, r-oldrel-macos-x86_64