CRAN Package Check Results for Package truncSP

Last updated on 2022-01-27 23:01:21 CET.

Flavor Version Tinstall Tcheck Ttotal Status Flags
r-devel-linux-x86_64-debian-clang 1.2.2 4.47 54.65 59.12 NOTE
r-devel-linux-x86_64-debian-gcc 1.2.2 3.59 41.51 45.10 NOTE
r-devel-linux-x86_64-fedora-clang 1.2.2 71.01 NOTE
r-devel-linux-x86_64-fedora-gcc 1.2.2 60.34 NOTE
r-devel-windows-x86_64-new-UL 1.2.2 25.00 79.00 104.00 NOTE
r-devel-windows-x86_64-new-TK 1.2.2 NOTE
r-patched-linux-x86_64 1.2.2 5.83 51.07 56.90 NOTE
r-release-linux-x86_64 1.2.2 3.94 50.68 54.62 NOTE
r-release-macos-arm64 1.2.2 NOTE
r-release-macos-x86_64 1.2.2 NOTE
r-release-windows-ix86+x86_64 1.2.2 9.00 66.00 75.00 NOTE
r-oldrel-macos-x86_64 1.2.2 NOTE
r-oldrel-windows-ix86+x86_64 1.2.2 9.00 71.00 80.00 NOTE

Check Details

Version: 1.2.2
Check: DESCRIPTION meta-information
Result: NOTE
    Malformed Description field: should contain one or more complete sentences.
Flavors: r-devel-linux-x86_64-debian-clang, r-devel-linux-x86_64-debian-gcc, r-devel-linux-x86_64-fedora-clang, r-devel-linux-x86_64-fedora-gcc, r-devel-windows-x86_64-new-UL, r-devel-windows-x86_64-new-TK, r-patched-linux-x86_64, r-release-linux-x86_64, r-release-macos-arm64, r-release-macos-x86_64, r-release-windows-ix86+x86_64, r-oldrel-macos-x86_64, r-oldrel-windows-ix86+x86_64