CRAN Package Check Results for Package twosamples

Last updated on 2022-01-24 22:56:44 CET.

Flavor Version Tinstall Tcheck Ttotal Status Flags
r-devel-linux-x86_64-debian-clang 1.1.1 20.05 36.27 56.32 NOTE
r-devel-linux-x86_64-debian-gcc 1.1.1 13.33 28.59 41.92 NOTE
r-devel-linux-x86_64-fedora-clang 1.1.1 77.83 NOTE
r-devel-linux-x86_64-fedora-gcc 1.1.1 61.88 NOTE
r-devel-windows-x86_64-new-UL 1.1.1 50.00 76.00 126.00 NOTE
r-devel-windows-x86_64-new-TK 1.1.1 NOTE
r-patched-linux-x86_64 1.1.1 18.56 35.35 53.91 NOTE
r-release-linux-x86_64 1.1.1 17.05 34.81 51.86 NOTE
r-release-macos-arm64 1.1.1 NOTE
r-release-macos-x86_64 1.1.1 NOTE
r-release-windows-ix86+x86_64 1.1.1 50.00 70.00 120.00 NOTE
r-oldrel-macos-x86_64 1.1.1 OK
r-oldrel-windows-ix86+x86_64 1.1.1 52.00 78.00 130.00 OK

Check Details

Version: 1.1.1
Check: LazyData
Result: NOTE
     'LazyData' is specified without a 'data' directory
Flavors: r-devel-linux-x86_64-debian-clang, r-devel-linux-x86_64-debian-gcc, r-devel-linux-x86_64-fedora-clang, r-devel-linux-x86_64-fedora-gcc, r-devel-windows-x86_64-new-UL, r-devel-windows-x86_64-new-TK, r-patched-linux-x86_64, r-release-linux-x86_64, r-release-macos-arm64, r-release-macos-x86_64, r-release-windows-ix86+x86_64