CRAN Package Check Results for Package txshift

Last updated on 2024-02-21 23:11:45 CET.

Flavor Version Tinstall Tcheck Ttotal Status Flags
r-devel-linux-x86_64-debian-clang 0.3.8 NOTE
r-devel-linux-x86_64-debian-gcc 0.3.8 9.49 162.90 172.39 NOTE
r-devel-linux-x86_64-fedora-clang 0.3.8 284.85 NOTE
r-devel-linux-x86_64-fedora-gcc 0.3.8 283.10 NOTE
r-devel-windows-x86_64 0.3.8 12.00 181.00 193.00 NOTE
r-patched-linux-x86_64 0.3.8 11.79 210.99 222.78 NOTE
r-release-linux-x86_64 0.3.8 9.68 213.86 223.54 NOTE
r-release-macos-arm64 0.3.8 85.00 NOTE
r-release-macos-x86_64 0.3.8 140.00 NOTE
r-release-windows-x86_64 0.3.8 16.00 228.00 244.00 NOTE
r-oldrel-macos-arm64 0.3.8 68.00 NOTE
r-oldrel-windows-x86_64 0.3.8 17.00 217.00 234.00 NOTE

Check Details

Version: 0.3.8
Check: package dependencies
Result: NOTE Package which this enhances but not available for checking: ‘sl3’ Flavors: r-devel-linux-x86_64-debian-clang, r-devel-linux-x86_64-debian-gcc, r-devel-linux-x86_64-fedora-clang, r-devel-linux-x86_64-fedora-gcc, r-devel-windows-x86_64, r-patched-linux-x86_64, r-release-linux-x86_64, r-release-macos-arm64, r-release-macos-x86_64, r-release-windows-x86_64, r-oldrel-macos-arm64, r-oldrel-windows-x86_64

Version: 0.3.8
Check: Rd files
Result: NOTE checkRd: (-1) est_g_exp.Rd:55: Lost braces; missing escapes or markup? 55 | {A - delta}, {A + delta}, and {A + 2 * delta}). | ^ checkRd: (-1) est_g_exp.Rd:55: Lost braces; missing escapes or markup? 55 | {A - delta}, {A + delta}, and {A + 2 * delta}). | ^ checkRd: (-1) est_g_exp.Rd:55: Lost braces; missing escapes or markup? 55 | {A - delta}, {A + delta}, and {A + 2 * delta}). | ^ Flavors: r-devel-linux-x86_64-debian-clang, r-devel-linux-x86_64-debian-gcc