CRAN Package Check Results for Package uHMM

Last updated on 2022-01-26 22:55:07 CET.

Flavor Version Tinstall Tcheck Ttotal Status Flags
r-devel-linux-x86_64-debian-clang 1.0 14.23 96.67 110.90 OK
r-devel-linux-x86_64-debian-gcc 1.0 12.17 73.06 85.23 OK
r-devel-linux-x86_64-fedora-clang 1.0 131.37 OK
r-devel-linux-x86_64-fedora-gcc 1.0 124.75 OK
r-devel-windows-x86_64-new-UL 1.0 36.00 102.00 138.00 OK
r-devel-windows-x86_64-new-TK 1.0 ERROR
r-patched-linux-x86_64 1.0 13.14 86.55 99.69 OK
r-release-linux-x86_64 1.0 12.07 86.35 98.42 OK
r-release-macos-arm64 1.0 OK
r-release-macos-x86_64 1.0 OK
r-release-windows-ix86+x86_64 1.0 24.00 100.00 124.00 OK
r-oldrel-macos-x86_64 1.0 OK
r-oldrel-windows-ix86+x86_64 1.0 25.00 95.00 120.00 OK

Check Details

Version: 1.0
Check: package dependencies
Result: ERROR
    Package required but not available: 'FactoMineR'
    
    See section 'The DESCRIPTION file' in the 'Writing R Extensions'
    manual.
Flavor: r-devel-windows-x86_64-new-TK