CRAN Package Check Results for Package unbalhaar

Last updated on 2022-01-18 22:47:42 CET.

Flavor Version Tinstall Tcheck Ttotal Status Flags
r-devel-linux-x86_64-debian-clang 2.0 2.23 31.68 33.91 NOTE
r-devel-linux-x86_64-debian-gcc 2.0 1.67 25.30 26.97 NOTE
r-devel-linux-x86_64-fedora-clang 2.0 43.31 NOTE
r-devel-linux-x86_64-fedora-gcc 2.0 31.65 NOTE
r-devel-windows-x86_64-new-UL 2.0 35.00 48.00 83.00 NOTE
r-devel-windows-x86_64-new-TK 2.0 NOTE
r-patched-linux-x86_64 2.0 2.51 31.42 33.93 NOTE
r-release-linux-x86_64 2.0 NOTE
r-release-macos-arm64 2.0 NOTE
r-release-macos-x86_64 2.0 NOTE
r-release-windows-ix86+x86_64 2.0 5.00 28.00 33.00 NOTE
r-oldrel-macos-x86_64 2.0 NOTE
r-oldrel-windows-ix86+x86_64 2.0 4.00 29.00 33.00 NOTE

Check Details

Version: 2.0
Check: R code for possible problems
Result: NOTE
    med: no visible global function definition for 'quantile'
    uh: no visible global function definition for 'mad'
    uh.bu: no visible global function definition for 'mad'
    Undefined global functions or variables:
     mad quantile
    Consider adding
     importFrom("stats", "mad", "quantile")
    to your NAMESPACE file.
Flavors: r-devel-linux-x86_64-debian-clang, r-devel-linux-x86_64-debian-gcc, r-devel-linux-x86_64-fedora-clang, r-devel-linux-x86_64-fedora-gcc, r-devel-windows-x86_64-new-UL, r-devel-windows-x86_64-new-TK, r-patched-linux-x86_64, r-release-linux-x86_64, r-release-macos-arm64, r-release-macos-x86_64, r-release-windows-ix86+x86_64, r-oldrel-macos-x86_64, r-oldrel-windows-ix86+x86_64