CRAN Package Check Results for Package unglue

Last updated on 2022-05-15 22:51:51 CEST.

Flavor Version Tinstall Tcheck Ttotal Status Flags
r-devel-linux-x86_64-debian-clang 0.1.0 2.52 34.54 37.06 NOTE
r-devel-linux-x86_64-debian-gcc 0.1.0 1.81 26.19 28.00 NOTE
r-devel-linux-x86_64-fedora-clang 0.1.0 45.12 NOTE
r-devel-linux-x86_64-fedora-gcc 0.1.0 52.85 NOTE
r-devel-windows-x86_64 0.1.0 14.00 52.00 66.00 NOTE
r-patched-linux-x86_64 0.1.0 2.49 32.16 34.65 NOTE
r-release-linux-x86_64 0.1.0 2.27 31.98 34.25 NOTE
r-release-macos-arm64 0.1.0 19.00 NOTE
r-release-macos-x86_64 0.1.0 28.00 NOTE
r-release-windows-x86_64 0.1.0 16.00 48.00 64.00 NOTE
r-oldrel-macos-arm64 0.1.0 22.00 NOTE
r-oldrel-macos-x86_64 0.1.0 41.00 NOTE
r-oldrel-windows-ix86+x86_64 0.1.0 6.00 44.00 50.00 NOTE

Check Details

Version: 0.1.0
Check: LazyData
Result: NOTE
     'LazyData' is specified without a 'data' directory
Flavors: r-devel-linux-x86_64-debian-clang, r-devel-linux-x86_64-debian-gcc, r-devel-linux-x86_64-fedora-clang, r-devel-linux-x86_64-fedora-gcc, r-devel-windows-x86_64, r-patched-linux-x86_64, r-release-linux-x86_64, r-release-macos-arm64, r-release-macos-x86_64, r-release-windows-x86_64, r-oldrel-macos-arm64, r-oldrel-macos-x86_64, r-oldrel-windows-ix86+x86_64