CRAN Package Check Results for Package uni.survival.tree

Last updated on 2024-02-29 22:59:01 CET.

Flavor Version Tinstall Tcheck Ttotal Status Flags
r-devel-linux-x86_64-debian-clang 1.5 8.00 68.16 76.16 NOTE
r-devel-linux-x86_64-debian-gcc 1.5 6.62 51.68 58.30 NOTE
r-devel-linux-x86_64-fedora-clang 1.5 91.66 NOTE
r-devel-linux-x86_64-fedora-gcc 1.5 89.37 NOTE
r-devel-windows-x86_64 1.5 7.00 68.00 75.00 NOTE
r-patched-linux-x86_64 1.5 5.75 66.89 72.64 NOTE
r-release-linux-x86_64 1.5 7.96 66.09 74.05 NOTE
r-release-macos-arm64 1.5 31.00 NOTE
r-release-macos-x86_64 1.5 51.00 NOTE
r-release-windows-x86_64 1.5 9.00 77.00 86.00 NOTE
r-oldrel-macos-arm64 1.5 31.00 NOTE
r-oldrel-windows-x86_64 1.5 10.00 82.00 92.00 NOTE

Check Details

Version: 1.5
Check: LazyData
Result: NOTE 'LazyData' is specified without a 'data' directory Flavors: r-devel-linux-x86_64-debian-clang, r-devel-linux-x86_64-debian-gcc, r-devel-linux-x86_64-fedora-clang, r-devel-linux-x86_64-fedora-gcc, r-devel-windows-x86_64, r-patched-linux-x86_64, r-release-linux-x86_64, r-release-macos-arm64, r-release-macos-x86_64, r-release-windows-x86_64, r-oldrel-macos-arm64, r-oldrel-windows-x86_64