CRAN Package Check Results for Package unjoin

Last updated on 2022-05-21 22:58:28 CEST.

Flavor Version Tinstall Tcheck Ttotal Status Flags
r-devel-linux-x86_64-debian-clang 0.1.0 4.27 59.78 64.05 NOTE
r-devel-linux-x86_64-debian-gcc 0.1.0 2.87 44.29 47.16 NOTE
r-devel-linux-x86_64-fedora-clang 0.1.0 74.76 NOTE
r-devel-linux-x86_64-fedora-gcc 0.1.0 73.38 NOTE
r-devel-windows-x86_64 0.1.0 13.00 72.00 85.00 NOTE
r-patched-linux-x86_64 0.1.0 4.26 54.37 58.63 NOTE
r-release-linux-x86_64 0.1.0 4.59 55.17 59.76 NOTE
r-release-macos-arm64 0.1.0 20.00 NOTE
r-release-macos-x86_64 0.1.0 44.00 NOTE
r-release-windows-x86_64 0.1.0 13.00 76.00 89.00 NOTE
r-oldrel-macos-arm64 0.1.0 27.00 NOTE
r-oldrel-macos-x86_64 0.1.0 39.00 NOTE
r-oldrel-windows-ix86+x86_64 0.1.0 13.00 67.00 80.00 NOTE

Check Details

Version: 0.1.0
Check: LazyData
Result: NOTE
     'LazyData' is specified without a 'data' directory
Flavors: r-devel-linux-x86_64-debian-clang, r-devel-linux-x86_64-debian-gcc, r-devel-linux-x86_64-fedora-clang, r-devel-linux-x86_64-fedora-gcc, r-devel-windows-x86_64, r-patched-linux-x86_64, r-release-linux-x86_64, r-release-macos-arm64, r-release-macos-x86_64, r-release-windows-x86_64, r-oldrel-macos-arm64, r-oldrel-macos-x86_64, r-oldrel-windows-ix86+x86_64