CRAN Package Check Results for Package unstruwwel

Last updated on 2022-05-28 22:55:22 CEST.

Flavor Version Tinstall Tcheck Ttotal Status Flags
r-devel-linux-x86_64-debian-clang 0.1.0 11.09 78.67 89.76 OK
r-devel-linux-x86_64-debian-gcc 0.1.0 7.75 57.58 65.33 OK
r-devel-linux-x86_64-fedora-clang 0.1.0 103.98 NOTE
r-devel-linux-x86_64-fedora-gcc 0.1.0 91.68 NOTE
r-devel-windows-x86_64 0.1.0 25.00 91.00 116.00 OK
r-patched-linux-x86_64 0.1.0 16.36 72.99 89.35 OK
r-release-linux-x86_64 0.1.0 6.81 72.83 79.64 OK
r-release-macos-arm64 0.1.0 28.00 NOTE
r-release-macos-x86_64 0.1.0 52.00 NOTE
r-release-windows-x86_64 0.1.0 33.00 90.00 123.00 OK
r-oldrel-macos-arm64 0.1.0 34.00 NOTE
r-oldrel-macos-x86_64 0.1.0 56.00 NOTE
r-oldrel-windows-ix86+x86_64 0.1.0 21.00 87.00 108.00 OK

Check Details

Version: 0.1.0
Check: data for non-ASCII characters
Result: NOTE
     Note: found 3345 marked UTF-8 strings
Flavors: r-devel-linux-x86_64-fedora-clang, r-devel-linux-x86_64-fedora-gcc, r-release-macos-arm64, r-release-macos-x86_64, r-oldrel-macos-arm64, r-oldrel-macos-x86_64