CRAN Package Check Results for Package urca

Last updated on 2021-12-01 22:53:28 CET.

Flavor Version Tinstall Tcheck Ttotal Status Flags
r-devel-linux-x86_64-debian-clang 1.3-0 10.58 61.24 71.82 OK
r-devel-linux-x86_64-debian-gcc 1.3-0 8.58 48.52 57.10 OK
r-devel-linux-x86_64-fedora-clang 1.3-0 103.36 NOTE
r-devel-linux-x86_64-fedora-gcc 1.3-0 85.06 NOTE
r-devel-windows-x86_64-new-UL 1.3-0 36.00 117.00 153.00 OK
r-devel-windows-x86_64-new-TK 1.3-0 OK
r-devel-windows-x86_64-old 1.3-0 18.00 69.00 87.00 OK
r-patched-linux-x86_64 1.3-0 11.70 59.47 71.17 OK
r-patched-solaris-x86 1.3-0 112.50 OK
r-release-linux-x86_64 1.3-0 10.57 59.94 70.51 OK
r-release-macos-arm64 1.3-0 OK
r-release-macos-x86_64 1.3-0 OK
r-release-windows-ix86+x86_64 1.3-0 23.00 100.00 123.00 OK
r-oldrel-macos-x86_64 1.3-0 OK
r-oldrel-windows-ix86+x86_64 1.3-0 28.00 93.00 121.00 OK

Check Details

Version: 1.3-0
Check: compiled code
Result: NOTE
    File ‘urca/libs/urca.so’:
     Found no calls to: ‘R_registerRoutines’, ‘R_useDynamicSymbols’
    
    It is good practice to register native routines and to disable symbol
    search.
    
    See ‘Writing portable packages’ in the ‘Writing R Extensions’ manual.
Flavors: r-devel-linux-x86_64-fedora-clang, r-devel-linux-x86_64-fedora-gcc