CRAN Package Check Results for Package usdarnass

Last updated on 2022-05-24 22:50:20 CEST.

Flavor Version Tinstall Tcheck Ttotal Status Flags
r-devel-linux-x86_64-debian-clang 0.1.0 2.32 36.88 39.20 NOTE
r-devel-linux-x86_64-debian-gcc 0.1.0 1.95 28.15 30.10 NOTE
r-devel-linux-x86_64-fedora-clang 0.1.0 47.46 NOTE
r-devel-linux-x86_64-fedora-gcc 0.1.0 35.39 NOTE
r-devel-windows-x86_64 0.1.0 17.00 60.00 77.00 NOTE
r-patched-linux-x86_64 0.1.0 2.61 35.36 37.97 NOTE
r-release-linux-x86_64 0.1.0 NOTE
r-release-macos-arm64 0.1.0 17.00 NOTE
r-release-macos-x86_64 0.1.0 27.00 NOTE
r-release-windows-x86_64 0.1.0 17.00 66.00 83.00 NOTE
r-oldrel-macos-arm64 0.1.0 19.00 NOTE
r-oldrel-macos-x86_64 0.1.0 30.00 NOTE
r-oldrel-windows-ix86+x86_64 0.1.0 6.00 48.00 54.00 NOTE

Check Details

Version: 0.1.0
Check: LazyData
Result: NOTE
     'LazyData' is specified without a 'data' directory
Flavors: r-devel-linux-x86_64-debian-clang, r-devel-linux-x86_64-debian-gcc, r-devel-linux-x86_64-fedora-clang, r-devel-linux-x86_64-fedora-gcc, r-devel-windows-x86_64, r-patched-linux-x86_64, r-release-linux-x86_64, r-release-macos-arm64, r-release-macos-x86_64, r-release-windows-x86_64, r-oldrel-macos-arm64, r-oldrel-macos-x86_64, r-oldrel-windows-ix86+x86_64