CRAN Package Check Results for Package usedist

Last updated on 2022-05-22 22:51:54 CEST.

Flavor Version Tinstall Tcheck Ttotal Status Flags
r-devel-linux-x86_64-debian-clang 0.4.0 2.30 36.48 38.78 NOTE
r-devel-linux-x86_64-debian-gcc 0.4.0 1.76 27.51 29.27 NOTE
r-devel-linux-x86_64-fedora-clang 0.4.0 45.16 NOTE
r-devel-linux-x86_64-fedora-gcc 0.4.0 34.64 NOTE
r-devel-windows-x86_64 0.4.0 14.00 53.00 67.00 NOTE
r-patched-linux-x86_64 0.4.0 2.19 34.47 36.66 NOTE
r-release-linux-x86_64 0.4.0 2.10 33.84 35.94 NOTE
r-release-macos-arm64 0.4.0 16.00 NOTE
r-release-macos-x86_64 0.4.0 24.00 NOTE
r-release-windows-x86_64 0.4.0 13.00 55.00 68.00 NOTE
r-oldrel-macos-arm64 0.4.0 26.00 NOTE
r-oldrel-macos-x86_64 0.4.0 30.00 NOTE
r-oldrel-windows-ix86+x86_64 0.4.0 6.00 45.00 51.00 NOTE

Check Details

Version: 0.4.0
Check: LazyData
Result: NOTE
     'LazyData' is specified without a 'data' directory
Flavors: r-devel-linux-x86_64-debian-clang, r-devel-linux-x86_64-debian-gcc, r-devel-linux-x86_64-fedora-clang, r-devel-linux-x86_64-fedora-gcc, r-devel-windows-x86_64, r-patched-linux-x86_64, r-release-linux-x86_64, r-release-macos-arm64, r-release-macos-x86_64, r-release-windows-x86_64, r-oldrel-macos-arm64, r-oldrel-macos-x86_64, r-oldrel-windows-ix86+x86_64