CRAN Package Check Results for Package usmap

Last updated on 2022-07-04 22:59:25 CEST.

Flavor Version Tinstall Tcheck Ttotal Status Flags
r-devel-linux-x86_64-debian-clang 0.6.0 3.38 74.19 77.57 OK
r-devel-linux-x86_64-debian-gcc 0.6.0 1.91 56.67 58.58 OK
r-devel-linux-x86_64-fedora-clang 0.6.0 101.38 NOTE
r-devel-linux-x86_64-fedora-gcc 0.6.0 98.58 NOTE
r-devel-windows-x86_64 0.6.0 19.00 124.00 143.00 OK
r-patched-linux-x86_64 0.6.0 2.43 69.31 71.74 OK
r-release-linux-x86_64 0.6.0 2.63 70.31 72.94 OK
r-release-macos-arm64 0.6.0 38.00 NOTE
r-release-macos-x86_64 0.6.0 51.00 NOTE
r-release-windows-x86_64 0.6.0 22.00 126.00 148.00 OK
r-oldrel-macos-arm64 0.6.0 42.00 NOTE
r-oldrel-macos-x86_64 0.6.0 52.00 NOTE
r-oldrel-windows-ix86+x86_64 0.6.0 9.00 106.00 115.00 OK

Check Details

Version: 0.6.0
Check: data for non-ASCII characters
Result: NOTE
     Note: found 1 marked UTF-8 string
Flavors: r-devel-linux-x86_64-fedora-clang, r-devel-linux-x86_64-fedora-gcc, r-release-macos-arm64, r-release-macos-x86_64, r-oldrel-macos-arm64, r-oldrel-macos-x86_64