CRAN Package Check Results for Package utile.visuals

Last updated on 2021-12-07 22:59:47 CET.

Flavor Version Tinstall Tcheck Ttotal Status Flags
r-devel-linux-x86_64-debian-clang 0.3.0 4.57 56.09 60.66 NOTE
r-devel-linux-x86_64-debian-gcc 0.3.0 3.67 42.11 45.78 NOTE
r-devel-linux-x86_64-fedora-clang 0.3.0 78.68 NOTE
r-devel-linux-x86_64-fedora-gcc 0.3.0 60.20 NOTE
r-devel-windows-x86_64-new-UL 0.3.0 11.00 84.00 95.00 NOTE
r-devel-windows-x86_64-new-TK 0.3.0 NOTE
r-devel-windows-x86_64-old 0.3.0 9.00 53.00 62.00 NOTE
r-patched-linux-x86_64 0.3.0 4.31 51.38 55.69 NOTE
r-release-linux-x86_64 0.3.0 3.82 51.60 55.42 NOTE
r-release-macos-arm64 0.3.0 NOTE
r-release-macos-x86_64 0.3.0 NOTE
r-release-windows-ix86+x86_64 0.3.0 10.00 66.00 76.00 NOTE
r-oldrel-macos-x86_64 0.3.0 OK
r-oldrel-windows-ix86+x86_64 0.3.0 13.00 71.00 84.00 OK

Check Details

Version: 0.3.0
Check: LazyData
Result: NOTE
     'LazyData' is specified without a 'data' directory
Flavors: r-devel-linux-x86_64-debian-clang, r-devel-linux-x86_64-debian-gcc, r-devel-linux-x86_64-fedora-clang, r-devel-linux-x86_64-fedora-gcc, r-devel-windows-x86_64-new-UL, r-devel-windows-x86_64-new-TK, r-devel-windows-x86_64-old, r-patched-linux-x86_64, r-release-linux-x86_64, r-release-macos-arm64, r-release-macos-x86_64, r-release-windows-ix86+x86_64