CRAN Package Check Results for Package utilities

Last updated on 2022-01-20 22:54:21 CET.

Flavor Version Tinstall Tcheck Ttotal Status Flags
r-devel-linux-x86_64-debian-clang 0.4.0 OK
r-devel-linux-x86_64-debian-gcc 0.4.0 4.37 35.83 40.20 OK
r-devel-linux-x86_64-fedora-clang 0.4.0 63.46 OK
r-devel-linux-x86_64-fedora-gcc 0.4.0 50.71 OK
r-devel-windows-x86_64-new-UL 0.4.0 45.00 68.00 113.00 OK
r-devel-windows-x86_64-new-TK 0.4.0 OK
r-patched-linux-x86_64 0.4.0 4.92 45.89 50.81 OK
r-release-linux-x86_64 0.4.0 3.81 44.82 48.63 OK
r-release-macos-arm64 0.4.0 OK
r-release-macos-x86_64 0.4.0 OK
r-release-windows-ix86+x86_64 0.4.0 10.00 58.00 68.00 OK
r-oldrel-macos-x86_64 0.4.0 ERROR
r-oldrel-windows-ix86+x86_64 0.4.0 10.00 55.00 65.00 OK

Check Details

Version: 0.4.0
Check: examples
Result: ERROR
    Running examples in ‘utilities-Ex.R’ failed
    The error most likely occurred in:
    
    > ### Name: PFD
    > ### Title: Prime Factor Decomposition (PFD)
    > ### Aliases: PFD print.prime.factor.decomposition
    >
    > ### ** Examples
    >
    > PFD(1:10)
    Loading required namespace: gmp
    Error in rank(x, ties.method = "min", na.last = "keep") :
     raw vectors cannot be sorted
    Calls: PFD ... as.vector -> xtfrm -> xtfrm.default -> as.vector -> rank
    Execution halted
Flavor: r-oldrel-macos-x86_64