CRAN Package Check Results for Package valmetrics

Last updated on 2021-12-08 22:57:53 CET.

Flavor Version Tinstall Tcheck Ttotal Status Flags
r-devel-linux-x86_64-debian-clang 1.0.0 2.70 32.87 35.57 NOTE
r-devel-linux-x86_64-debian-gcc 1.0.0 2.14 26.96 29.10 NOTE
r-devel-linux-x86_64-fedora-clang 1.0.0 47.84 NOTE
r-devel-linux-x86_64-fedora-gcc 1.0.0 33.82 NOTE
r-devel-windows-x86_64-new-UL 1.0.0 10.00 67.00 77.00 NOTE
r-devel-windows-x86_64-new-TK 1.0.0 NOTE
r-devel-windows-x86_64-old 1.0.0 5.00 35.00 40.00 NOTE
r-patched-linux-x86_64 1.0.0 3.22 31.27 34.49 NOTE
r-release-linux-x86_64 1.0.0 2.47 31.57 34.04 NOTE
r-release-macos-arm64 1.0.0 NOTE
r-release-macos-x86_64 1.0.0 NOTE
r-release-windows-ix86+x86_64 1.0.0 5.00 44.00 49.00 NOTE
r-oldrel-macos-x86_64 1.0.0 OK
r-oldrel-windows-ix86+x86_64 1.0.0 6.00 46.00 52.00 OK

Check Details

Version: 1.0.0
Check: LazyData
Result: NOTE
     'LazyData' is specified without a 'data' directory
Flavors: r-devel-linux-x86_64-debian-clang, r-devel-linux-x86_64-debian-gcc, r-devel-linux-x86_64-fedora-clang, r-devel-linux-x86_64-fedora-gcc, r-devel-windows-x86_64-new-UL, r-devel-windows-x86_64-new-TK, r-devel-windows-x86_64-old, r-patched-linux-x86_64, r-release-linux-x86_64, r-release-macos-arm64, r-release-macos-x86_64, r-release-windows-ix86+x86_64