Last updated on 2022-05-15 22:51:51 CEST.
Flavor | Version | Tinstall | Tcheck | Ttotal | Status | Flags |
---|---|---|---|---|---|---|
r-devel-linux-x86_64-debian-clang | 0.4 | 8.79 | 138.61 | 147.40 | NOTE | |
r-devel-linux-x86_64-debian-gcc | 0.4 | 7.06 | 110.61 | 117.67 | NOTE | |
r-devel-linux-x86_64-fedora-clang | 0.4 | 176.37 | NOTE | |||
r-devel-linux-x86_64-fedora-gcc | 0.4 | 166.01 | NOTE | |||
r-devel-windows-x86_64 | 0.4 | 15.00 | 161.00 | 176.00 | NOTE | |
r-patched-linux-x86_64 | 0.4 | 8.42 | 134.23 | 142.65 | NOTE | |
r-release-linux-x86_64 | 0.4 | 8.41 | 130.99 | 139.40 | NOTE | |
r-release-macos-arm64 | 0.4 | 46.00 | NOTE | |||
r-release-macos-x86_64 | 0.4 | 93.00 | NOTE | |||
r-release-windows-x86_64 | 0.4 | 17.00 | 159.00 | 176.00 | NOTE | |
r-oldrel-macos-arm64 | 0.4 | 66.00 | NOTE | |||
r-oldrel-macos-x86_64 | 0.4 | 96.00 | NOTE | |||
r-oldrel-windows-ix86+x86_64 | 0.4 | 25.00 | 156.00 | 181.00 | NOTE |
Version: 0.4
Check: LazyData
Result: NOTE
'LazyData' is specified without a 'data' directory
Flavors: r-devel-linux-x86_64-debian-clang, r-devel-linux-x86_64-debian-gcc, r-devel-linux-x86_64-fedora-clang, r-devel-linux-x86_64-fedora-gcc, r-devel-windows-x86_64, r-patched-linux-x86_64, r-release-linux-x86_64, r-release-macos-arm64, r-release-macos-x86_64, r-release-windows-x86_64, r-oldrel-macos-arm64, r-oldrel-macos-x86_64, r-oldrel-windows-ix86+x86_64