CRAN Package Check Results for Package varband

Last updated on 2022-07-04 22:59:25 CEST.

Flavor Version Tinstall Tcheck Ttotal Status Flags
r-devel-linux-x86_64-debian-clang 0.9.0 32.40 64.62 97.02 NOTE
r-devel-linux-x86_64-debian-gcc 0.9.0 29.15 48.36 77.51 NOTE
r-devel-linux-x86_64-fedora-clang 0.9.0 142.99 NOTE
r-devel-linux-x86_64-fedora-gcc 0.9.0 133.14 NOTE
r-devel-windows-x86_64 0.9.0 33.00 108.00 141.00 NOTE
r-patched-linux-x86_64 0.9.0 28.99 57.35 86.34 NOTE
r-release-linux-x86_64 0.9.0 28.68 57.67 86.35 NOTE
r-release-macos-arm64 0.9.0 41.00 NOTE
r-release-macos-x86_64 0.9.0 55.00 NOTE
r-release-windows-x86_64 0.9.0 34.00 109.00 143.00 NOTE
r-oldrel-macos-arm64 0.9.0 41.00 NOTE
r-oldrel-macos-x86_64 0.9.0 86.00 NOTE
r-oldrel-windows-ix86+x86_64 0.9.0 91.00 125.00 216.00 NOTE

Check Details

Version: 0.9.0
Check: LazyData
Result: NOTE
     'LazyData' is specified without a 'data' directory
Flavors: r-devel-linux-x86_64-debian-clang, r-devel-linux-x86_64-debian-gcc, r-devel-linux-x86_64-fedora-clang, r-devel-linux-x86_64-fedora-gcc, r-devel-windows-x86_64, r-patched-linux-x86_64, r-release-linux-x86_64, r-release-macos-arm64, r-release-macos-x86_64, r-release-windows-x86_64, r-oldrel-macos-arm64, r-oldrel-macos-x86_64, r-oldrel-windows-ix86+x86_64

Version: 0.9.0
Check: compiled code
Result: NOTE
    File ‘varband/libs/varband.so’:
     Found no calls to: ‘R_registerRoutines’, ‘R_useDynamicSymbols’
    
    It is good practice to register native routines and to disable symbol
    search.
    
    See ‘Writing portable packages’ in the ‘Writing R Extensions’ manual.
Flavors: r-devel-linux-x86_64-fedora-clang, r-devel-linux-x86_64-fedora-gcc