CRAN Package Check Results for Package varjmcm

Last updated on 2022-01-24 22:56:45 CET.

Flavor Version Tinstall Tcheck Ttotal Status Flags
r-devel-linux-x86_64-debian-clang 0.1.1 7.50 75.07 82.57 NOTE
r-devel-linux-x86_64-debian-gcc 0.1.1 6.49 57.83 64.32 NOTE
r-devel-linux-x86_64-fedora-clang 0.1.1 101.95 NOTE
r-devel-linux-x86_64-fedora-gcc 0.1.1 94.71 NOTE
r-devel-windows-x86_64-new-UL 0.1.1 15.00 90.00 105.00 NOTE
r-devel-windows-x86_64-new-TK 0.1.1 NOTE
r-patched-linux-x86_64 0.1.1 6.86 71.82 78.68 NOTE
r-release-linux-x86_64 0.1.1 7.14 72.64 79.78 NOTE
r-release-macos-arm64 0.1.1 NOTE
r-release-macos-x86_64 0.1.1 NOTE
r-release-windows-ix86+x86_64 0.1.1 17.00 85.00 102.00 NOTE
r-oldrel-macos-x86_64 0.1.1 OK
r-oldrel-windows-ix86+x86_64 0.1.1 18.00 90.00 108.00 OK

Check Details

Version: 0.1.1
Check: LazyData
Result: NOTE
     'LazyData' is specified without a 'data' directory
Flavors: r-devel-linux-x86_64-debian-clang, r-devel-linux-x86_64-debian-gcc, r-devel-linux-x86_64-fedora-clang, r-devel-linux-x86_64-fedora-gcc, r-devel-windows-x86_64-new-UL, r-devel-windows-x86_64-new-TK, r-patched-linux-x86_64, r-release-linux-x86_64, r-release-macos-arm64, r-release-macos-x86_64, r-release-windows-ix86+x86_64