CRAN Package Check Results for Package vcdExtra

Last updated on 2021-12-05 22:49:09 CET.

Flavor Version Tinstall Tcheck Ttotal Status Flags
r-devel-linux-x86_64-debian-clang 0.7-5 11.50 153.90 165.40 OK
r-devel-linux-x86_64-debian-gcc 0.7-5 7.94 119.65 127.59 OK
r-devel-linux-x86_64-fedora-clang 0.7-5 211.38 NOTE
r-devel-linux-x86_64-fedora-gcc 0.7-5 184.13 OK
r-devel-windows-x86_64-new-UL 0.7-5 27.00 246.00 273.00 OK
r-devel-windows-x86_64-new-TK 0.7-5 OK
r-devel-windows-x86_64-old 0.7-5 18.00 147.00 165.00 OK
r-patched-linux-x86_64 0.7-5 13.50 132.07 145.57 OK
r-release-linux-x86_64 0.7-5 11.60 140.53 152.13 OK
r-release-macos-arm64 0.7-5 OK
r-release-macos-x86_64 0.7-5 OK
r-release-windows-ix86+x86_64 0.7-5 23.00 199.00 222.00 OK
r-oldrel-macos-x86_64 0.7-5 OK
r-oldrel-windows-ix86+x86_64 0.7-5 24.00 199.00 223.00 OK

Check Details

Version: 0.7-5
Check: Rd cross-references
Result: NOTE
    Undeclared packages ‘coin’, ‘Hmisc’ in Rd xrefs
Flavor: r-devel-linux-x86_64-fedora-clang