CRAN Package Check Results for Package veccompare

Last updated on 2023-03-23 22:52:48 CET.

Flavor Version Tinstall Tcheck Ttotal Status Flags
r-devel-linux-x86_64-debian-clang 0.1.0 2.68 35.37 38.05 OK
r-devel-linux-x86_64-debian-gcc 0.1.0 2.27 27.11 29.38 OK
r-devel-linux-x86_64-fedora-clang 0.1.0 50.40 NOTE
r-devel-linux-x86_64-fedora-gcc 0.1.0 46.20 NOTE
r-patched-linux-x86_64 0.1.0 2.85 34.83 37.68 OK
r-release-linux-x86_64 0.1.0 2.32 34.86 37.18 OK
r-release-macos-arm64 0.1.0 20.00 NOTE
r-release-macos-x86_64 0.1.0 28.00 NOTE
r-release-windows-x86_64 0.1.0 43.00 120.00 163.00 OK
r-oldrel-macos-arm64 0.1.0 21.00 NOTE
r-oldrel-macos-x86_64 0.1.0 35.00 NOTE
r-oldrel-windows-ix86+x86_64 0.1.0 10.00 62.00 72.00 OK

Check Details

Version: 0.1.0
Check: dependencies in R code
Result: NOTE
    Namespace in Imports field not imported from: ‘pander’
     All declared Imports should be used.
Flavors: r-devel-linux-x86_64-fedora-clang, r-devel-linux-x86_64-fedora-gcc, r-release-macos-arm64, r-release-macos-x86_64, r-oldrel-macos-arm64, r-oldrel-macos-x86_64