CRAN Package Check Results for Package vegclust

Last updated on 2022-01-18 22:47:42 CET.

Flavor Version Tinstall Tcheck Ttotal Status Flags
r-devel-linux-x86_64-debian-clang 2.0.0 12.16 124.16 136.32 OK
r-devel-linux-x86_64-debian-gcc 2.0.0 11.14 95.38 106.52 OK
r-devel-linux-x86_64-fedora-clang 2.0.0 168.65 NOTE
r-devel-linux-x86_64-fedora-gcc 2.0.0 154.42 OK
r-devel-windows-x86_64-new-UL 2.0.0 58.00 175.00 233.00 OK
r-devel-windows-x86_64-new-TK 2.0.0 NOTE
r-patched-linux-x86_64 2.0.0 11.93 126.34 138.27 OK
r-release-linux-x86_64 2.0.0 OK
r-release-macos-arm64 2.0.0 OK
r-release-macos-x86_64 2.0.0 OK
r-release-windows-ix86+x86_64 2.0.0 24.00 147.00 171.00 OK
r-oldrel-macos-x86_64 2.0.0 OK
r-oldrel-windows-ix86+x86_64 2.0.0 24.00 146.00 170.00 OK

Check Details

Version: 2.0.0
Check: Rd cross-references
Result: NOTE
    Undeclared packages ‘mclust’, ‘e1071’ in Rd xrefs
Flavor: r-devel-linux-x86_64-fedora-clang

Version: 2.0.0
Check: package dependencies
Result: NOTE
    Package suggested but not available for checking: 'smacof'
Flavor: r-devel-windows-x86_64-new-TK