CRAN Package Check Results for Package vhcub

Last updated on 2024-02-21 23:11:45 CET.

Flavor Version Tinstall Tcheck Ttotal Status Flags
r-devel-linux-x86_64-debian-clang 1.0.0 NOTE
r-devel-linux-x86_64-debian-gcc 1.0.0 18.11 157.33 175.44 NOTE
r-devel-linux-x86_64-fedora-clang 1.0.0 231.23 NOTE
r-devel-linux-x86_64-fedora-gcc 1.0.0 240.92 NOTE
r-devel-windows-x86_64 1.0.0 18.00 153.00 171.00 NOTE
r-patched-linux-x86_64 1.0.0 13.39 207.78 221.17 NOTE
r-release-linux-x86_64 1.0.0 14.17 203.40 217.57 NOTE
r-release-macos-arm64 1.0.0 82.00 NOTE
r-release-macos-x86_64 1.0.0 165.00 NOTE
r-release-windows-x86_64 1.0.0 23.00 201.00 224.00 NOTE
r-oldrel-macos-arm64 1.0.0 54.00 NOTE
r-oldrel-windows-x86_64 1.0.0 24.00 198.00 222.00 NOTE

Additional issues

donttest

Check Details

Version: 1.0.0
Check: LazyData
Result: NOTE 'LazyData' is specified without a 'data' directory Flavors: r-devel-linux-x86_64-debian-clang, r-devel-linux-x86_64-debian-gcc, r-devel-linux-x86_64-fedora-clang, r-devel-linux-x86_64-fedora-gcc, r-devel-windows-x86_64, r-patched-linux-x86_64, r-release-linux-x86_64, r-release-macos-arm64, r-release-macos-x86_64, r-release-windows-x86_64, r-oldrel-macos-arm64, r-oldrel-windows-x86_64