CRAN Package Check Results for Package vici

Last updated on 2022-01-17 22:54:55 CET.

Flavor Version Tinstall Tcheck Ttotal Status Flags
r-devel-linux-x86_64-debian-clang 0.5.2 7.41 75.95 83.36 OK
r-devel-linux-x86_64-debian-gcc 0.5.2 5.97 56.93 62.90 OK
r-devel-linux-x86_64-fedora-clang 0.5.2 100.67 OK
r-devel-linux-x86_64-fedora-gcc 0.5.2 86.46 OK
r-devel-windows-x86_64-new-UL 0.5.2 23.00 95.00 118.00 OK
r-devel-windows-x86_64-new-TK 0.5.2 ERROR
r-patched-linux-x86_64 0.5.2 7.05 72.93 79.98 OK
r-release-linux-x86_64 0.5.2 OK
r-release-macos-arm64 0.5.2 OK
r-release-macos-x86_64 0.5.2 OK
r-release-windows-ix86+x86_64 0.5.2 17.00 85.00 102.00 OK
r-oldrel-macos-x86_64 0.5.2 OK
r-oldrel-windows-ix86+x86_64 0.5.2 21.00 88.00 109.00 OK

Check Details

Version: 0.5.2
Check: package dependencies
Result: ERROR
    Package required but not available: 'ggpubr'
    
    See section 'The DESCRIPTION file' in the 'Writing R Extensions'
    manual.
Flavor: r-devel-windows-x86_64-new-TK