CRAN Package Check Results for Package vinereg

Last updated on 2022-01-20 22:54:21 CET.

Flavor Version Tinstall Tcheck Ttotal Status Flags
r-devel-linux-x86_64-debian-clang 0.8.0 OK
r-devel-linux-x86_64-debian-gcc 0.8.0 114.11 54.38 168.49 OK
r-devel-linux-x86_64-fedora-clang 0.8.0 294.81 NOTE
r-devel-linux-x86_64-fedora-gcc 0.8.0 286.64 OK
r-devel-windows-x86_64-new-UL 0.8.0 115.00 138.00 253.00 NOTE
r-devel-windows-x86_64-new-TK 0.8.0 OK
r-patched-linux-x86_64 0.8.0 130.36 69.98 200.34 OK
r-release-linux-x86_64 0.8.0 133.48 68.06 201.54 OK
r-release-macos-arm64 0.8.0 NOTE
r-release-macos-x86_64 0.8.0 NOTE
r-release-windows-ix86+x86_64 0.8.0 293.00 178.00 471.00 NOTE
r-oldrel-macos-x86_64 0.8.0 NOTE
r-oldrel-windows-ix86+x86_64 0.8.0 296.00 175.00 471.00 NOTE

Check Details

Version: 0.8.0
Check: installed package size
Result: NOTE
     installed size is 44.5Mb
     sub-directories of 1Mb or more:
     libs 44.1Mb
Flavors: r-devel-linux-x86_64-fedora-clang, r-devel-windows-x86_64-new-UL, r-release-macos-arm64, r-release-macos-x86_64, r-release-windows-ix86+x86_64, r-oldrel-macos-x86_64, r-oldrel-windows-ix86+x86_64