CRAN Package Check Results for Package vmr

Last updated on 2021-12-03 22:58:00 CET.

Flavor Version Tinstall Tcheck Ttotal Status Flags
r-devel-linux-x86_64-debian-clang 0.0.3 3.76 39.01 42.77 NOTE
r-devel-linux-x86_64-debian-gcc 0.0.3 2.48 30.36 32.84 NOTE
r-devel-linux-x86_64-fedora-clang 0.0.3 65.46 NOTE
r-devel-linux-x86_64-fedora-gcc 0.0.3 50.29 NOTE
r-devel-windows-x86_64-new-UL 0.0.3 12.00 111.00 123.00 NOTE
r-devel-windows-x86_64-new-TK 0.0.3 NOTE
r-devel-windows-x86_64-old 0.0.3 7.00 52.00 59.00 NOTE
r-patched-linux-x86_64 0.0.3 3.38 39.58 42.96 NOTE
r-release-linux-x86_64 0.0.3 3.45 39.49 42.94 NOTE
r-release-macos-arm64 0.0.3 NOTE
r-release-macos-x86_64 0.0.3 NOTE
r-release-windows-ix86+x86_64 0.0.3 9.00 63.00 72.00 NOTE
r-oldrel-macos-x86_64 0.0.3 OK
r-oldrel-windows-ix86+x86_64 0.0.3 9.00 62.00 71.00 OK

Check Details

Version: 0.0.3
Check: LazyData
Result: NOTE
     'LazyData' is specified without a 'data' directory
Flavors: r-devel-linux-x86_64-debian-clang, r-devel-linux-x86_64-debian-gcc, r-devel-linux-x86_64-fedora-clang, r-devel-linux-x86_64-fedora-gcc, r-devel-windows-x86_64-new-UL, r-devel-windows-x86_64-new-TK, r-devel-windows-x86_64-old, r-patched-linux-x86_64, r-release-linux-x86_64, r-release-macos-arm64, r-release-macos-x86_64, r-release-windows-ix86+x86_64

Version: 0.0.3
Check: Rd cross-references
Result: NOTE
    Undeclared package ‘devtools’ in Rd xrefs
Flavor: r-devel-linux-x86_64-fedora-clang