CRAN Package Check Results for Package votesys

Last updated on 2022-01-16 22:51:30 CET.

Flavor Version Tinstall Tcheck Ttotal Status Flags
r-devel-linux-x86_64-debian-clang 0.1.1 8.39 80.23 88.62 NOTE
r-devel-linux-x86_64-debian-gcc 0.1.1 6.91 61.23 68.14 NOTE
r-devel-linux-x86_64-fedora-clang 0.1.1 112.55 NOTE
r-devel-linux-x86_64-fedora-gcc 0.1.1 96.78 NOTE
r-devel-windows-x86_64-new-UL 0.1.1 40.00 99.00 139.00 NOTE
r-devel-windows-x86_64-new-TK 0.1.1 NOTE
r-patched-linux-x86_64 0.1.1 7.17 77.20 84.37 NOTE
r-release-linux-x86_64 0.1.1 NOTE
r-release-macos-arm64 0.1.1 NOTE
r-release-macos-x86_64 0.1.1 NOTE
r-release-windows-ix86+x86_64 0.1.1 18.00 91.00 109.00 NOTE
r-oldrel-macos-x86_64 0.1.1 OK
r-oldrel-windows-ix86+x86_64 0.1.1 18.00 92.00 110.00 OK

Check Details

Version: 0.1.1
Check: LazyData
Result: NOTE
     'LazyData' is specified without a 'data' directory
Flavors: r-devel-linux-x86_64-debian-clang, r-devel-linux-x86_64-debian-gcc, r-devel-linux-x86_64-fedora-clang, r-devel-linux-x86_64-fedora-gcc, r-devel-windows-x86_64-new-UL, r-devel-windows-x86_64-new-TK, r-patched-linux-x86_64, r-release-linux-x86_64, r-release-macos-arm64, r-release-macos-x86_64, r-release-windows-ix86+x86_64